{"id":9768,"date":"2020-04-03T21:06:23","date_gmt":"2020-04-03T19:06:23","guid":{"rendered":"https:\/\/www.pepiniere-boisdelalau.fr\/?page_id=9768"},"modified":"2021-05-10T09:44:10","modified_gmt":"2021-05-10T07:44:10","slug":"le-grenadier-a-fruit","status":"publish","type":"page","link":"https:\/\/www.pepiniere-boisdelalau.fr\/index.php\/nos-plantes\/nos-plantes-vedettes\/le-grenadier-a-fruit\/","title":{"rendered":"Le grenadier \u00e0 fruit."},"content":{"rendered":"\t\t<div data-elementor-type=\"wp-page\" data-elementor-id=\"9768\" class=\"elementor elementor-9768\">\n\t\t\t\t\t\t<section class=\"elementor-section elementor-top-section elementor-element elementor-element-73f14e5 elementor-section-boxed elementor-section-height-default elementor-section-height-default\" data-id=\"73f14e5\" data-element_type=\"section\" data-e-type=\"section\">\n\t\t\t\t\t\t<div class=\"elementor-container elementor-column-gap-default\">\n\t\t\t\t\t<div class=\"elementor-column elementor-col-100 elementor-top-column elementor-element elementor-element-a7a8eca\" data-id=\"a7a8eca\" data-element_type=\"column\" data-e-type=\"column\">\n\t\t\t<div class=\"elementor-widget-wrap elementor-element-populated\">\n\t\t\t\t\t\t<div class=\"elementor-element elementor-element-6392bd8 elementor-alert-warning elementor-hidden-desktop elementor-hidden-tablet elementor-hidden-phone elementor-widget elementor-widget-alert\" data-id=\"6392bd8\" data-element_type=\"widget\" data-e-type=\"widget\" data-widget_type=\"alert.default\">\n\t\t\t\t<div class=\"elementor-widget-container\">\n\t\t\t\t\t\t\t<div class=\"elementor-alert\" role=\"alert\">\n\n\t\t\t\t\t\t<span class=\"elementor-alert-title\"><i aria-hidden=\"true\" style=\"color:#F3D617\" class=\"fas fa-info-circle\"><\/i> Service mise en place pendant et apr\u00e8s le confinement*.<\/span>\n\t\t\t\n\t\t\t\t\t\t<span class=\"elementor-alert-description\"><p>\nVeuillez retrouver toute l'actualit\u00e9 et service mis en place sur <a href=\"https:\/\/www.pepiniere-boisdelalau.fr\/index.php\/covid-19\/\"> cette page<\/a>. \n<\/p>\n<p>\n*  <font size=\"0.4 pt\">Nous maintenons le service jusqu'au 7 mai 2021.<\/font> \n<\/p>\n<div class=\"elementor-element elementor-element-23c101f elementor-button-warning elementor-widget elementor-widget-button\" data-id=\"23c101f\" data-element_type=\"widget\" data-widget_type=\"button.default\">\n<div class=\"elementor-widget-container\">\n<div class=\"elementor-button-wrapper\">\n<a href=\"https:\/\/www.pepiniere-boisdelalau.fr\/index.php\/covid-19\/\" rel=\"nofollow\" class=\"elementor-button-link elementor-button elementor-size-md\" role=\"button\">\n<span class=\"elementor-button-content-wrapper\">\n<span class=\"elementor-button-icon elementor-align-icon-left\">\n<\/span>\n<span class=\"elementor-button-text\">Service propos\u00e9<\/span>\n<\/span>\n<\/a>\n<\/div>\n<\/div>\n<\/div><\/span>\n\t\t\t\n\t\t\t\t\t\t<button type=\"button\" class=\"elementor-alert-dismiss\" aria-label=\"Ignorer cette alerte.\">\n\t\t\t\t\t\t\t\t\t<span aria-hidden=\"true\">&times;<\/span>\n\t\t\t\t\t\t\t<\/button>\n\t\t\t\n\t\t<\/div>\n\t\t\t\t\t\t<\/div>\n\t\t\t\t<\/div>\n\t\t\t\t\t<\/div>\n\t\t<\/div>\n\t\t\t\t\t<\/div>\n\t\t<\/section>\n\t\t\t\t<section class=\"elementor-section elementor-top-section elementor-element elementor-element-cb25cc1 elementor-section-boxed elementor-section-height-default elementor-section-height-default\" data-id=\"cb25cc1\" data-element_type=\"section\" data-e-type=\"section\">\n\t\t\t\t\t\t<div class=\"elementor-container elementor-column-gap-default\">\n\t\t\t\t\t<div class=\"elementor-column elementor-col-100 elementor-top-column elementor-element elementor-element-f30b549\" data-id=\"f30b549\" data-element_type=\"column\" data-e-type=\"column\">\n\t\t\t<div class=\"elementor-widget-wrap elementor-element-populated\">\n\t\t\t\t\t\t<div class=\"elementor-element elementor-element-428bba9 elementor-widget elementor-widget-text-editor\" data-id=\"428bba9\" data-element_type=\"widget\" data-e-type=\"widget\" data-widget_type=\"text-editor.default\">\n\t\t\t\t<div class=\"elementor-widget-container\">\n\t\t\t\t\t\t\t\t\t<p style=\"text-align: center;\"><span style=\"font-size: 20.0pt; mso-bidi-font-size: 28.0pt; line-height: 115%; font-family: 'Script MT Bold'; color: red;\">Les grenadiers du Caucase<\/span><\/p><p style=\"text-align: center;\" align=\"center\"><b style=\"mso-bidi-font-weight: normal;\"><span style=\"font-size: 10.0pt; mso-bidi-font-size: 12.0pt; font-family: 'Script MT Bold';\">(punica granatum) [punicaceae <span style=\"color: black;\">de l&rsquo;ordre des myrtales<\/span>]\u00a0 arbre fruitier mono\u00efque \u00e0 port arbustif.<\/span><\/b><\/p><p style=\"text-align: center;\"><strong>Rusticit\u00e9: -20\u00b0C<br \/><\/strong><strong>Floraison: De juin \u00e0 Septembre <\/strong><br \/><strong>Hauteur: 1,8 \u00e0 3<span style=\"mso-spacerun: yes;\">\u00a0 <\/span>m<\/strong><br \/><strong>Exposition: Soleil<\/strong><\/p><p><img fetchpriority=\"high\" decoding=\"async\" class=\"alignleft wp-image-11895 size-medium\" src=\"https:\/\/www.pepiniere-boisdelalau.fr\/wp-content\/uploads\/2020\/04\/grenades-300x199.jpg\" alt=\"\" width=\"300\" height=\"199\" srcset=\"https:\/\/www.pepiniere-boisdelalau.fr\/wp-content\/uploads\/2020\/04\/grenades-300x199.jpg 300w, https:\/\/www.pepiniere-boisdelalau.fr\/wp-content\/uploads\/2020\/04\/grenades.jpg 640w\" sizes=\"(max-width: 300px) 100vw, 300px\" \/><\/p><p style=\"text-align: justify;\"><span style=\"mso-bidi-font-size: 13.0pt; line-height: 115%;\">Le grenadier du Caucase (Arm\u00e9nie, G\u00e9orgie et Azerba\u00efdjan) est un arbre originaire des r\u00e9gions m\u00e9diterran\u00e9ennes, il s&rsquo;adapte tr\u00e8s bien aux r\u00e9gions du midi fran\u00e7ais. Il peut vivre jusqu&rsquo;\u00e0 400 ans et produit tout au long de son existence des grenades sucr\u00e9es et appr\u00e9ci\u00e9es dans de nombreuses r\u00e9gions de la m\u00e9diterran\u00e9e. Contrairement \u00e0 son cousin espagnol, le grenadier du Caucase ne g\u00e8le pas, et produit des fruits d&rsquo;une saveur plus intense. Tr\u00e8s rustique, il saura s&rsquo;adapter aux terrains les plus difficiles, et r\u00e9sister \u00e0 des s\u00e9cheresses intenses. Sa floraison, de juin aux premi\u00e8res gel\u00e9es, offre de merveilleuses fleurs orange vif mesurant 3 cm de diam\u00e8tre apparaissant \u00e0 trois reprises. La maturit\u00e9 des fruits est estim\u00e9e vers la fin de la floraison, m\u00eame si certains fruits peuvent atermoyer leur maturation jusqu&rsquo;en D\u00e9cembre, vous offrant ainsi un met charnu, sucr\u00e9, et pulpeux.<\/span><\/p><p style=\"mso-margin-top-alt: auto; mso-margin-bottom-alt: auto; text-align: justify; line-height: normal;\"><span style=\"font-size: 13.0pt; font-family: 'Times New Roman','serif';\">\u00a0<\/span><\/p><figure id=\"attachment_49074\" aria-describedby=\"caption-attachment-49074\" style=\"width: 225px\" class=\"wp-caption alignleft\"><img decoding=\"async\" class=\"wp-image-49074 size-medium\" src=\"https:\/\/www.pepiniere-boisdelalau.fr\/wp-content\/uploads\/2020\/10\/grenadier-225x300.jpg\" alt=\"\" width=\"225\" height=\"300\" srcset=\"https:\/\/www.pepiniere-boisdelalau.fr\/wp-content\/uploads\/2020\/10\/grenadier-225x300.jpg 225w, https:\/\/www.pepiniere-boisdelalau.fr\/wp-content\/uploads\/2020\/10\/grenadier-768x1024.jpg 768w, https:\/\/www.pepiniere-boisdelalau.fr\/wp-content\/uploads\/2020\/10\/grenadier-1152x1536.jpg 1152w, https:\/\/www.pepiniere-boisdelalau.fr\/wp-content\/uploads\/2020\/10\/grenadier-1536x2048.jpg 1536w, https:\/\/www.pepiniere-boisdelalau.fr\/wp-content\/uploads\/2020\/10\/grenadier.jpg 1920w\" sizes=\"(max-width: 225px) 100vw, 225px\" \/><figcaption id=\"caption-attachment-49074\" class=\"wp-caption-text\">Fleur de grenadier<\/figcaption><\/figure><p style=\"text-align: justify;\">L&rsquo;arbre a une excellente tol\u00e9rance aux sols calcaires, argileux et salins. Supportant les p\u00e9riodes de gel, il se pla\u00eet fortement dans des climats secs et arides, car les fortes chaleurs favorisent la fructification de ses fleurs. Lors de la taille il est conseill\u00e9 d&rsquo;\u00e9liminer les rejets qui tendent \u00e0 donner un port buissonnant \u00e0 l&rsquo;arbre. Le plus souvent il vaut mieux garder un tronc multiple que l&rsquo;on limite \u00e0 3 m\u00e8tres pour une facilit\u00e9 de r\u00e9colte (d&rsquo;autant plus que lors du paroxysme de sa productivit\u00e9, l&rsquo;arbre peut donner jusqu&rsquo;\u00e0 60 kg de fruits) le d\u00e9sherbage et le paillage du pied sont conseill\u00e9s afin de favoriser la nutrition exclusive de l&rsquo;arbre, et non des herbes adjacentes.<\/p><p><b style=\"mso-bidi-font-weight: normal;\"><span style=\"font-size: 20.0pt; mso-bidi-font-size: 25.0pt; font-family: 'Script MT Bold'; color: red;\">\u00a0<\/span><\/b><\/p><p><b style=\"mso-bidi-font-weight: normal;\"><span style=\"font-size: 20.0pt; mso-bidi-font-size: 25.0pt; font-family: 'Script MT Bold'; color: red;\">La l\u00e9gende :<\/span><\/b><\/p><p style=\"text-align: justify;\"><span style=\"mso-bidi-font-size: 22.0pt; font-family: 'Script MT Bold';\">Cet arbre est appel\u00e9 l&rsquo;arbre de lumi\u00e8re dans certaines r\u00e9gions du littoral M\u00e9diterran\u00e9en. En effet l&rsquo;Arbre \u00e9tait pour les p\u00e8lerins en M\u00e9diterran\u00e9e un symbole d&rsquo;une maison chaleureuse aux h\u00f4tes hospitaliers. Symbole de g\u00e9n\u00e9rosit\u00e9 et de bont\u00e9 d&rsquo;\u00e2me, mais aussi de notori\u00e9t\u00e9 et de post\u00e9rit\u00e9, ceux qui le plantaient pr\u00e8s de leur maison \u00e9taient souvent des personnes tr\u00e8s appr\u00e9ci\u00e9es et respect\u00e9es, \u00ab apportant la lumi\u00e8re \u00bb aux p\u00e8lerins. Cet arbre assimil\u00e9 \u00e0 la vertu est, selon la l\u00e9gende, sens\u00e9 apporter la post\u00e9rit\u00e9 du foyer aupr\u00e8s duquel il est plant\u00e9. Ainsi les foyers pouvaient accueillir les p\u00e8lerins ais\u00e9ment, en \u00e9change de la b\u00e9n\u00e9diction de l&rsquo;arbre.<\/span><\/p>\t\t\t\t\t\t\t\t<\/div>\n\t\t\t\t<\/div>\n\t\t\t\t\t<\/div>\n\t\t<\/div>\n\t\t\t\t\t<\/div>\n\t\t<\/section>\n\t\t\t\t<section class=\"elementor-section elementor-top-section elementor-element elementor-element-9f60f8c elementor-section-boxed elementor-section-height-default elementor-section-height-default\" data-id=\"9f60f8c\" data-element_type=\"section\" data-e-type=\"section\">\n\t\t\t\t\t\t<div class=\"elementor-container elementor-column-gap-default\">\n\t\t\t\t\t<div class=\"elementor-column elementor-col-100 elementor-top-column elementor-element elementor-element-d8e1c31\" data-id=\"d8e1c31\" data-element_type=\"column\" data-e-type=\"column\">\n\t\t\t<div class=\"elementor-widget-wrap elementor-element-populated\">\n\t\t\t\t\t\t<div class=\"elementor-element elementor-element-a4db078 elementor-widget-divider--view-line elementor-widget elementor-widget-divider\" data-id=\"a4db078\" data-element_type=\"widget\" data-e-type=\"widget\" data-widget_type=\"divider.default\">\n\t\t\t\t<div class=\"elementor-widget-container\">\n\t\t\t\t\t\t\t<div class=\"elementor-divider\">\n\t\t\t<span class=\"elementor-divider-separator\">\n\t\t\t\t\t\t<\/span>\n\t\t<\/div>\n\t\t\t\t\t\t<\/div>\n\t\t\t\t<\/div>\n\t\t\t\t\t<\/div>\n\t\t<\/div>\n\t\t\t\t\t<\/div>\n\t\t<\/section>\n\t\t\t\t<section class=\"elementor-section elementor-top-section elementor-element elementor-element-2dffccc elementor-section-boxed elementor-section-height-default elementor-section-height-default\" data-id=\"2dffccc\" data-element_type=\"section\" data-e-type=\"section\">\n\t\t\t\t\t\t<div class=\"elementor-container elementor-column-gap-default\">\n\t\t\t\t\t<div class=\"elementor-column elementor-col-100 elementor-top-column elementor-element elementor-element-475872e\" data-id=\"475872e\" data-element_type=\"column\" data-e-type=\"column\">\n\t\t\t<div class=\"elementor-widget-wrap elementor-element-populated\">\n\t\t\t\t\t\t<section class=\"elementor-section elementor-inner-section elementor-element elementor-element-a06b240 elementor-section-boxed elementor-section-height-default elementor-section-height-default\" data-id=\"a06b240\" data-element_type=\"section\" data-e-type=\"section\">\n\t\t\t\t\t\t<div class=\"elementor-container elementor-column-gap-default\">\n\t\t\t\t\t<div class=\"elementor-column elementor-col-50 elementor-inner-column elementor-element elementor-element-e1356b6\" data-id=\"e1356b6\" data-element_type=\"column\" data-e-type=\"column\">\n\t\t\t<div class=\"elementor-widget-wrap elementor-element-populated\">\n\t\t\t\t\t\t<div class=\"elementor-element elementor-element-d58def5 elementor-widget elementor-widget-image\" data-id=\"d58def5\" data-element_type=\"widget\" data-e-type=\"widget\" data-widget_type=\"image.default\">\n\t\t\t\t<div class=\"elementor-widget-container\">\n\t\t\t\t\t\t\t\t\t\t\t\t\t\t\t<img decoding=\"async\" width=\"296\" height=\"448\" src=\"https:\/\/www.pepiniere-boisdelalau.fr\/wp-content\/uploads\/2020\/04\/punica-granatum.jpg\" class=\"attachment-large size-large wp-image-9816\" alt=\"\" srcset=\"https:\/\/www.pepiniere-boisdelalau.fr\/wp-content\/uploads\/2020\/04\/punica-granatum.jpg 296w, https:\/\/www.pepiniere-boisdelalau.fr\/wp-content\/uploads\/2020\/04\/punica-granatum-198x300.jpg 198w\" sizes=\"(max-width: 296px) 100vw, 296px\" \/>\t\t\t\t\t\t\t\t\t\t\t\t\t\t\t<\/div>\n\t\t\t\t<\/div>\n\t\t\t\t\t<\/div>\n\t\t<\/div>\n\t\t\t\t<div class=\"elementor-column elementor-col-50 elementor-inner-column elementor-element elementor-element-41ae74f\" data-id=\"41ae74f\" data-element_type=\"column\" data-e-type=\"column\">\n\t\t\t<div class=\"elementor-widget-wrap elementor-element-populated\">\n\t\t\t\t\t\t<div class=\"elementor-element elementor-element-eb4662d elementor-widget elementor-widget-text-editor\" data-id=\"eb4662d\" data-element_type=\"widget\" data-e-type=\"widget\" data-widget_type=\"text-editor.default\">\n\t\t\t\t<div class=\"elementor-widget-container\">\n\t\t\t\t\t\t\t\t\t<p>Grenadier \u00e0 fruit (Arm\u00e9nie)<\/p><ul><li style=\"list-style-type: none;\"><ul><li>Pot : 3-4L Taille : 30 \u00e0 40 cm Prix: 25\u20ac<\/li><li>Pot : &#8211;L\u00a0\u00a0 Taille : &#8212; \u00e0 &#8212; cm Prix 50\u20ac<\/li><\/ul><\/li><\/ul>\t\t\t\t\t\t\t\t<\/div>\n\t\t\t\t<\/div>\n\t\t\t\t<div class=\"elementor-element elementor-element-feebcfc elementor-widget elementor-widget-text-editor\" data-id=\"feebcfc\" data-element_type=\"widget\" data-e-type=\"widget\" data-widget_type=\"text-editor.default\">\n\t\t\t\t<div class=\"elementor-widget-container\">\n\t\t\t\t\t\t\t\t\t<p>Grenadier \u00e0 fruit (G\u00e9orgie)<\/p><ul><li style=\"list-style-type: none;\"><ul><li>Pot: 3-4L Taille: 30 \u00e0 40 cm Prix: 25\u20ac<\/li><\/ul><\/li><\/ul>\t\t\t\t\t\t\t\t<\/div>\n\t\t\t\t<\/div>\n\t\t\t\t<div class=\"elementor-element elementor-element-6753b1f elementor-widget elementor-widget-text-editor\" data-id=\"6753b1f\" data-element_type=\"widget\" data-e-type=\"widget\" data-widget_type=\"text-editor.default\">\n\t\t\t\t<div class=\"elementor-widget-container\">\n\t\t\t\t\t\t\t\t\t<p>Grenadier \u00e0 fruit (Azerba\u00efdjan)<\/p><ul><li style=\"list-style-type: none;\"><ul><li>Pot: 3-4L Taille: 30 \u00e0 40 cm Prix: 25\u20ac<\/li><\/ul><\/li><\/ul>\t\t\t\t\t\t\t\t<\/div>\n\t\t\t\t<\/div>\n\t\t\t\t<div class=\"elementor-element elementor-element-3de78dd elementor-widget elementor-widget-text-editor\" data-id=\"3de78dd\" data-element_type=\"widget\" data-e-type=\"widget\" data-widget_type=\"text-editor.default\">\n\t\t\t\t<div class=\"elementor-widget-container\">\n\t\t\t\t\t\t\t\t\t<div class=\"elementor-column-wrap elementor-element-populated\">\n<div class=\"elementor-widget-wrap\">\n<div class=\"elementor-element elementor-element-18019f5 elementor-widget elementor-widget-button\" data-id=\"18019f5\" data-element_type=\"widget\" data-widget_type=\"button.default\">\n<div class=\"elementor-widget-container\">\n<div class=\"elementor-button-wrapper\" style=\"text-align: center;\"><a class=\"elementor-button-link elementor-button elementor-size-sm\" role=\"button\" href=\"https:\/\/app.cagette.net\/group\/8177\"><span class=\"elementor-button-content-wrapper\"><span class=\"elementor-button-text\">Commander avec retrait \u00e0 la ferme ici. <\/span><\/span><\/a><\/div>\n<div><\/div>\n<\/div>\n<\/div>\n<\/div>\n<\/div>\t\t\t\t\t\t\t\t<\/div>\n\t\t\t\t<\/div>\n\t\t\t\t\t<\/div>\n\t\t<\/div>\n\t\t\t\t\t<\/div>\n\t\t<\/section>\n\t\t\t\t\t<\/div>\n\t\t<\/div>\n\t\t\t\t\t<\/div>\n\t\t<\/section>\n\t\t\t\t<\/div>\n\t\t","protected":false},"excerpt":{"rendered":"<p>Service mise en place pendant et apr\u00e8s le confinement*. Veuillez retrouver toute l&rsquo;actualit\u00e9 et service mis en place sur cette page. * Nous maintenons le service jusqu&rsquo;au 7 mai 2021. &hellip;<\/p>\n","protected":false},"author":1,"featured_media":0,"parent":11811,"menu_order":0,"comment_status":"closed","ping_status":"closed","template":"template-builder.php","meta":{"inline_featured_image":false,"_themeisle_gutenberg_block_has_review":false,"footnotes":""},"class_list":["post-9768","page","type-page","status-publish","hentry"],"yoast_head":"<!-- This site is optimized with the Yoast SEO plugin v27.4 - https:\/\/yoast.com\/product\/yoast-seo-wordpress\/ -->\n<title>Le grenadier \u00e0 fruit. - P\u00e9pini\u00e8re du bois de Lalau<\/title>\n<meta name=\"robots\" content=\"index, follow, max-snippet:-1, max-image-preview:large, max-video-preview:-1\" \/>\n<link rel=\"canonical\" href=\"https:\/\/www.pepiniere-boisdelalau.fr\/index.php\/nos-plantes\/nos-plantes-vedettes\/le-grenadier-a-fruit\/\" \/>\n<meta name=\"twitter:label1\" content=\"Dur\u00e9e de lecture estim\u00e9e\" \/>\n\t<meta name=\"twitter:data1\" content=\"3 minutes\" \/>\n<script type=\"application\/ld+json\" class=\"yoast-schema-graph\">{\"@context\":\"https:\\\/\\\/schema.org\",\"@graph\":[{\"@type\":\"WebPage\",\"@id\":\"https:\\\/\\\/www.pepiniere-boisdelalau.fr\\\/index.php\\\/nos-plantes\\\/nos-plantes-vedettes\\\/le-grenadier-a-fruit\\\/\",\"url\":\"https:\\\/\\\/www.pepiniere-boisdelalau.fr\\\/index.php\\\/nos-plantes\\\/nos-plantes-vedettes\\\/le-grenadier-a-fruit\\\/\",\"name\":\"Le grenadier \u00e0 fruit. - P\u00e9pini\u00e8re du bois de Lalau\",\"isPartOf\":{\"@id\":\"https:\\\/\\\/www.pepiniere-boisdelalau.fr\\\/#website\"},\"primaryImageOfPage\":{\"@id\":\"https:\\\/\\\/www.pepiniere-boisdelalau.fr\\\/index.php\\\/nos-plantes\\\/nos-plantes-vedettes\\\/le-grenadier-a-fruit\\\/#primaryimage\"},\"image\":{\"@id\":\"https:\\\/\\\/www.pepiniere-boisdelalau.fr\\\/index.php\\\/nos-plantes\\\/nos-plantes-vedettes\\\/le-grenadier-a-fruit\\\/#primaryimage\"},\"thumbnailUrl\":\"https:\\\/\\\/www.pepiniere-boisdelalau.fr\\\/wp-content\\\/uploads\\\/2020\\\/04\\\/grenades-300x199.jpg\",\"datePublished\":\"2020-04-03T19:06:23+00:00\",\"dateModified\":\"2021-05-10T07:44:10+00:00\",\"breadcrumb\":{\"@id\":\"https:\\\/\\\/www.pepiniere-boisdelalau.fr\\\/index.php\\\/nos-plantes\\\/nos-plantes-vedettes\\\/le-grenadier-a-fruit\\\/#breadcrumb\"},\"inLanguage\":\"fr-FR\",\"potentialAction\":[{\"@type\":\"ReadAction\",\"target\":[\"https:\\\/\\\/www.pepiniere-boisdelalau.fr\\\/index.php\\\/nos-plantes\\\/nos-plantes-vedettes\\\/le-grenadier-a-fruit\\\/\"]}]},{\"@type\":\"ImageObject\",\"inLanguage\":\"fr-FR\",\"@id\":\"https:\\\/\\\/www.pepiniere-boisdelalau.fr\\\/index.php\\\/nos-plantes\\\/nos-plantes-vedettes\\\/le-grenadier-a-fruit\\\/#primaryimage\",\"url\":\"https:\\\/\\\/www.pepiniere-boisdelalau.fr\\\/wp-content\\\/uploads\\\/2020\\\/04\\\/grenades.jpg\",\"contentUrl\":\"https:\\\/\\\/www.pepiniere-boisdelalau.fr\\\/wp-content\\\/uploads\\\/2020\\\/04\\\/grenades.jpg\",\"width\":640,\"height\":425},{\"@type\":\"BreadcrumbList\",\"@id\":\"https:\\\/\\\/www.pepiniere-boisdelalau.fr\\\/index.php\\\/nos-plantes\\\/nos-plantes-vedettes\\\/le-grenadier-a-fruit\\\/#breadcrumb\",\"itemListElement\":[{\"@type\":\"ListItem\",\"position\":1,\"name\":\"Accueil\",\"item\":\"https:\\\/\\\/www.pepiniere-boisdelalau.fr\\\/\"},{\"@type\":\"ListItem\",\"position\":2,\"name\":\"Nos plantes\",\"item\":\"https:\\\/\\\/www.pepiniere-boisdelalau.fr\\\/index.php\\\/nos-plantes\\\/\"},{\"@type\":\"ListItem\",\"position\":3,\"name\":\"Nos plantes vedettes\",\"item\":\"https:\\\/\\\/www.pepiniere-boisdelalau.fr\\\/index.php\\\/nos-plantes\\\/nos-plantes-vedettes\\\/\"},{\"@type\":\"ListItem\",\"position\":4,\"name\":\"Le grenadier \u00e0 fruit.\"}]},{\"@type\":\"WebSite\",\"@id\":\"https:\\\/\\\/www.pepiniere-boisdelalau.fr\\\/#website\",\"url\":\"https:\\\/\\\/www.pepiniere-boisdelalau.fr\\\/\",\"name\":\"P\u00e9pini\u00e8re le bois de Lalau\",\"description\":\"P\u00e9pini\u00e8riste paysan-producteur\",\"publisher\":{\"@id\":\"https:\\\/\\\/www.pepiniere-boisdelalau.fr\\\/#organization\"},\"potentialAction\":[{\"@type\":\"SearchAction\",\"target\":{\"@type\":\"EntryPoint\",\"urlTemplate\":\"https:\\\/\\\/www.pepiniere-boisdelalau.fr\\\/?s={search_term_string}\"},\"query-input\":{\"@type\":\"PropertyValueSpecification\",\"valueRequired\":true,\"valueName\":\"search_term_string\"}}],\"inLanguage\":\"fr-FR\"},{\"@type\":\"Organization\",\"@id\":\"https:\\\/\\\/www.pepiniere-boisdelalau.fr\\\/#organization\",\"name\":\"P\u00e9pini\u00e8re le bois de Lalau\",\"url\":\"https:\\\/\\\/www.pepiniere-boisdelalau.fr\\\/\",\"logo\":{\"@type\":\"ImageObject\",\"inLanguage\":\"fr-FR\",\"@id\":\"https:\\\/\\\/www.pepiniere-boisdelalau.fr\\\/#\\\/schema\\\/logo\\\/image\\\/\",\"url\":\"\",\"contentUrl\":\"\",\"caption\":\"P\u00e9pini\u00e8re le bois de Lalau\"},\"image\":{\"@id\":\"https:\\\/\\\/www.pepiniere-boisdelalau.fr\\\/#\\\/schema\\\/logo\\\/image\\\/\"},\"sameAs\":[\"https:\\\/\\\/www.facebook.com\\\/pepiniereboisdelalau\"]}]}<\/script>\n<!-- \/ Yoast SEO plugin. -->","yoast_head_json":{"title":"Le grenadier \u00e0 fruit. - P\u00e9pini\u00e8re du bois de Lalau","robots":{"index":"index","follow":"follow","max-snippet":"max-snippet:-1","max-image-preview":"max-image-preview:large","max-video-preview":"max-video-preview:-1"},"canonical":"https:\/\/www.pepiniere-boisdelalau.fr\/index.php\/nos-plantes\/nos-plantes-vedettes\/le-grenadier-a-fruit\/","twitter_misc":{"Dur\u00e9e de lecture estim\u00e9e":"3 minutes"},"schema":{"@context":"https:\/\/schema.org","@graph":[{"@type":"WebPage","@id":"https:\/\/www.pepiniere-boisdelalau.fr\/index.php\/nos-plantes\/nos-plantes-vedettes\/le-grenadier-a-fruit\/","url":"https:\/\/www.pepiniere-boisdelalau.fr\/index.php\/nos-plantes\/nos-plantes-vedettes\/le-grenadier-a-fruit\/","name":"Le grenadier \u00e0 fruit. - P\u00e9pini\u00e8re du bois de Lalau","isPartOf":{"@id":"https:\/\/www.pepiniere-boisdelalau.fr\/#website"},"primaryImageOfPage":{"@id":"https:\/\/www.pepiniere-boisdelalau.fr\/index.php\/nos-plantes\/nos-plantes-vedettes\/le-grenadier-a-fruit\/#primaryimage"},"image":{"@id":"https:\/\/www.pepiniere-boisdelalau.fr\/index.php\/nos-plantes\/nos-plantes-vedettes\/le-grenadier-a-fruit\/#primaryimage"},"thumbnailUrl":"https:\/\/www.pepiniere-boisdelalau.fr\/wp-content\/uploads\/2020\/04\/grenades-300x199.jpg","datePublished":"2020-04-03T19:06:23+00:00","dateModified":"2021-05-10T07:44:10+00:00","breadcrumb":{"@id":"https:\/\/www.pepiniere-boisdelalau.fr\/index.php\/nos-plantes\/nos-plantes-vedettes\/le-grenadier-a-fruit\/#breadcrumb"},"inLanguage":"fr-FR","potentialAction":[{"@type":"ReadAction","target":["https:\/\/www.pepiniere-boisdelalau.fr\/index.php\/nos-plantes\/nos-plantes-vedettes\/le-grenadier-a-fruit\/"]}]},{"@type":"ImageObject","inLanguage":"fr-FR","@id":"https:\/\/www.pepiniere-boisdelalau.fr\/index.php\/nos-plantes\/nos-plantes-vedettes\/le-grenadier-a-fruit\/#primaryimage","url":"https:\/\/www.pepiniere-boisdelalau.fr\/wp-content\/uploads\/2020\/04\/grenades.jpg","contentUrl":"https:\/\/www.pepiniere-boisdelalau.fr\/wp-content\/uploads\/2020\/04\/grenades.jpg","width":640,"height":425},{"@type":"BreadcrumbList","@id":"https:\/\/www.pepiniere-boisdelalau.fr\/index.php\/nos-plantes\/nos-plantes-vedettes\/le-grenadier-a-fruit\/#breadcrumb","itemListElement":[{"@type":"ListItem","position":1,"name":"Accueil","item":"https:\/\/www.pepiniere-boisdelalau.fr\/"},{"@type":"ListItem","position":2,"name":"Nos plantes","item":"https:\/\/www.pepiniere-boisdelalau.fr\/index.php\/nos-plantes\/"},{"@type":"ListItem","position":3,"name":"Nos plantes vedettes","item":"https:\/\/www.pepiniere-boisdelalau.fr\/index.php\/nos-plantes\/nos-plantes-vedettes\/"},{"@type":"ListItem","position":4,"name":"Le grenadier \u00e0 fruit."}]},{"@type":"WebSite","@id":"https:\/\/www.pepiniere-boisdelalau.fr\/#website","url":"https:\/\/www.pepiniere-boisdelalau.fr\/","name":"P\u00e9pini\u00e8re le bois de Lalau","description":"P\u00e9pini\u00e8riste paysan-producteur","publisher":{"@id":"https:\/\/www.pepiniere-boisdelalau.fr\/#organization"},"potentialAction":[{"@type":"SearchAction","target":{"@type":"EntryPoint","urlTemplate":"https:\/\/www.pepiniere-boisdelalau.fr\/?s={search_term_string}"},"query-input":{"@type":"PropertyValueSpecification","valueRequired":true,"valueName":"search_term_string"}}],"inLanguage":"fr-FR"},{"@type":"Organization","@id":"https:\/\/www.pepiniere-boisdelalau.fr\/#organization","name":"P\u00e9pini\u00e8re le bois de Lalau","url":"https:\/\/www.pepiniere-boisdelalau.fr\/","logo":{"@type":"ImageObject","inLanguage":"fr-FR","@id":"https:\/\/www.pepiniere-boisdelalau.fr\/#\/schema\/logo\/image\/","url":"","contentUrl":"","caption":"P\u00e9pini\u00e8re le bois de Lalau"},"image":{"@id":"https:\/\/www.pepiniere-boisdelalau.fr\/#\/schema\/logo\/image\/"},"sameAs":["https:\/\/www.facebook.com\/pepiniereboisdelalau"]}]}},"_links":{"self":[{"href":"https:\/\/www.pepiniere-boisdelalau.fr\/index.php\/wp-json\/wp\/v2\/pages\/9768","targetHints":{"allow":["GET"]}}],"collection":[{"href":"https:\/\/www.pepiniere-boisdelalau.fr\/index.php\/wp-json\/wp\/v2\/pages"}],"about":[{"href":"https:\/\/www.pepiniere-boisdelalau.fr\/index.php\/wp-json\/wp\/v2\/types\/page"}],"author":[{"embeddable":true,"href":"https:\/\/www.pepiniere-boisdelalau.fr\/index.php\/wp-json\/wp\/v2\/users\/1"}],"replies":[{"embeddable":true,"href":"https:\/\/www.pepiniere-boisdelalau.fr\/index.php\/wp-json\/wp\/v2\/comments?post=9768"}],"version-history":[{"count":0,"href":"https:\/\/www.pepiniere-boisdelalau.fr\/index.php\/wp-json\/wp\/v2\/pages\/9768\/revisions"}],"up":[{"embeddable":true,"href":"https:\/\/www.pepiniere-boisdelalau.fr\/index.php\/wp-json\/wp\/v2\/pages\/11811"}],"wp:attachment":[{"href":"https:\/\/www.pepiniere-boisdelalau.fr\/index.php\/wp-json\/wp\/v2\/media?parent=9768"}],"curies":[{"name":"wp","href":"https:\/\/api.w.org\/{rel}","templated":true}]}}