{"id":1580197,"date":"2025-03-01T15:26:11","date_gmt":"2025-03-01T14:26:11","guid":{"rendered":"https:\/\/www.pepiniere-boisdelalau.fr\/?post_type=tribe_events&#038;p=1580197"},"modified":"2025-03-01T15:26:11","modified_gmt":"2025-03-01T14:26:11","slug":"foire-aux-plantes-colomiers-2","status":"publish","type":"tribe_events","link":"https:\/\/www.pepiniere-boisdelalau.fr\/index.php\/calendrier\/foire-aux-plantes-colomiers-2\/","title":{"rendered":"Foire aux plantes &#8211; Colomiers"},"content":{"rendered":"<p>Retrouvez nous pour la foire aux plantes de Colomiers, le dimanche 9 mars 2025 \u00e0 partir de 9h00.<\/p>\n<p style=\"text-align: center;\"><img fetchpriority=\"high\" decoding=\"async\" class=\"alignnone \" src=\"https:\/\/labouture.fr\/images\/cc292e0c9135540d3a73edd2dcfa977a.png\" width=\"366\" height=\"542\" \/><\/p>\n<p style=\"text-align: center;\"><iframe style=\"border: none; overflow: hidden;\" src=\"https:\/\/www.facebook.com\/plugins\/post.php?href=https%3A%2F%2Fwww.facebook.com%2FplantesenfolieColomiers%2Fposts%2Fpfbid0ruG5h1miR9q3Nv5bxyCVbXnv9cLRFGMR6Pi8ZHMEYte77pBTUumNtkMWtLLhVwkql&amp;width=750&amp;show_text=true&amp;height=695&amp;appId\" width=\"750\" height=\"695\" frameborder=\"0\" scrolling=\"no\" allowfullscreen=\"allowfullscreen\"><\/iframe><\/p>\n<p>Ils en parlent aussi &#8230;<\/p>\n<p style=\"text-align: center;\"><a href=\"https:\/\/www.aujardin.info\/agenda\/5989-foire-plantes-colomiers.php\"><img decoding=\"async\" class=\"alignnone\" src=\"https:\/\/static.aujardin.info\/img\/menu\/logo-aujardin.webp\" alt=\"\" width=\"260\" height=\"120\" \/><\/a><\/p>\n<p style=\"text-align: center;\"><a href=\"https:\/\/labouture.fr\/Foire-aux-Plantes-de-COLOMIERS-12959.html\"><img decoding=\"async\" class=\"alignnone\" src=\"https:\/\/labouture.fr\/infographie\/Des-Annonces-Nature-et-Jardin.png\" alt=\"\" width=\"226\" height=\"70\" \/><\/a><\/p>\n<p style=\"text-align: center;\"><a href=\"https:\/\/www.flanerbouger.fr\/events\/foires\/31770-foire-aux-plantes-colomiers-443258\"><img loading=\"lazy\" decoding=\"async\" class=\"alignnone\" src=\"https:\/\/www.flanerbouger.fr\/events\/img\/logo-full-h-32.png\" alt=\"\" width=\"196\" height=\"32\" \/><\/a><\/p>\n<p style=\"text-align: center;\">\n","protected":false},"excerpt":{"rendered":"<p>Retrouvez nous pour la foire aux plantes de Colomiers, le dimanche 9 mars 2025 \u00e0 partir de 9h00. Ils en parlent aussi &#8230;<\/p>\n","protected":false},"author":1,"featured_media":0,"template":"","meta":{"inline_featured_image":false,"_themeisle_gutenberg_block_has_review":false,"_tribe_events_status":"","_tribe_events_status_reason":"","footnotes":""},"tags":[],"tribe_events_cat":[],"class_list":["post-1580197","tribe_events","type-tribe_events","status-publish","hentry"],"yoast_head":"<!-- This site is optimized with the Yoast SEO plugin v27.5 - https:\/\/yoast.com\/product\/yoast-seo-wordpress\/ -->\n<title>Foire aux plantes - Colomiers - P\u00e9pini\u00e8re du bois de Lalau<\/title>\n<meta name=\"robots\" content=\"index, follow, max-snippet:-1, max-image-preview:large, max-video-preview:-1\" \/>\n<link rel=\"canonical\" href=\"https:\/\/www.pepiniere-boisdelalau.fr\/index.php\/calendrier\/foire-aux-plantes-colomiers-2\/\" \/>\n<meta name=\"twitter:label1\" content=\"Dur\u00e9e de lecture estim\u00e9e\" \/>\n\t<meta name=\"twitter:data1\" content=\"1 minute\" \/>\n<script type=\"application\/ld+json\" class=\"yoast-schema-graph\">{\"@context\":\"https:\\\/\\\/schema.org\",\"@graph\":[{\"@type\":\"WebPage\",\"@id\":\"https:\\\/\\\/www.pepiniere-boisdelalau.fr\\\/index.php\\\/calendrier\\\/foire-aux-plantes-colomiers-2\\\/\",\"url\":\"https:\\\/\\\/www.pepiniere-boisdelalau.fr\\\/index.php\\\/calendrier\\\/foire-aux-plantes-colomiers-2\\\/\",\"name\":\"Foire aux plantes - Colomiers - P\u00e9pini\u00e8re du bois de Lalau\",\"isPartOf\":{\"@id\":\"https:\\\/\\\/www.pepiniere-boisdelalau.fr\\\/#website\"},\"primaryImageOfPage\":{\"@id\":\"https:\\\/\\\/www.pepiniere-boisdelalau.fr\\\/index.php\\\/calendrier\\\/foire-aux-plantes-colomiers-2\\\/#primaryimage\"},\"image\":{\"@id\":\"https:\\\/\\\/www.pepiniere-boisdelalau.fr\\\/index.php\\\/calendrier\\\/foire-aux-plantes-colomiers-2\\\/#primaryimage\"},\"thumbnailUrl\":\"https:\\\/\\\/labouture.fr\\\/images\\\/cc292e0c9135540d3a73edd2dcfa977a.png\",\"datePublished\":\"2025-03-01T14:26:11+00:00\",\"breadcrumb\":{\"@id\":\"https:\\\/\\\/www.pepiniere-boisdelalau.fr\\\/index.php\\\/calendrier\\\/foire-aux-plantes-colomiers-2\\\/#breadcrumb\"},\"inLanguage\":\"fr-FR\",\"potentialAction\":[{\"@type\":\"ReadAction\",\"target\":[\"https:\\\/\\\/www.pepiniere-boisdelalau.fr\\\/index.php\\\/calendrier\\\/foire-aux-plantes-colomiers-2\\\/\"]}]},{\"@type\":\"ImageObject\",\"inLanguage\":\"fr-FR\",\"@id\":\"https:\\\/\\\/www.pepiniere-boisdelalau.fr\\\/index.php\\\/calendrier\\\/foire-aux-plantes-colomiers-2\\\/#primaryimage\",\"url\":\"https:\\\/\\\/labouture.fr\\\/images\\\/cc292e0c9135540d3a73edd2dcfa977a.png\",\"contentUrl\":\"https:\\\/\\\/labouture.fr\\\/images\\\/cc292e0c9135540d3a73edd2dcfa977a.png\"},{\"@type\":\"BreadcrumbList\",\"@id\":\"https:\\\/\\\/www.pepiniere-boisdelalau.fr\\\/index.php\\\/calendrier\\\/foire-aux-plantes-colomiers-2\\\/#breadcrumb\",\"itemListElement\":[{\"@type\":\"ListItem\",\"position\":1,\"name\":\"Accueil\",\"item\":\"https:\\\/\\\/www.pepiniere-boisdelalau.fr\\\/\"},{\"@type\":\"ListItem\",\"position\":2,\"name\":\"\u00c9v\u00e8nements\",\"item\":\"https:\\\/\\\/www.pepiniere-boisdelalau.fr\\\/index.php\\\/calendrier\\\/\"},{\"@type\":\"ListItem\",\"position\":3,\"name\":\"Foire aux plantes &#8211; Colomiers\"}]},{\"@type\":\"WebSite\",\"@id\":\"https:\\\/\\\/www.pepiniere-boisdelalau.fr\\\/#website\",\"url\":\"https:\\\/\\\/www.pepiniere-boisdelalau.fr\\\/\",\"name\":\"P\u00e9pini\u00e8re le bois de Lalau\",\"description\":\"P\u00e9pini\u00e8riste paysan-producteur\",\"publisher\":{\"@id\":\"https:\\\/\\\/www.pepiniere-boisdelalau.fr\\\/#organization\"},\"potentialAction\":[{\"@type\":\"SearchAction\",\"target\":{\"@type\":\"EntryPoint\",\"urlTemplate\":\"https:\\\/\\\/www.pepiniere-boisdelalau.fr\\\/?s={search_term_string}\"},\"query-input\":{\"@type\":\"PropertyValueSpecification\",\"valueRequired\":true,\"valueName\":\"search_term_string\"}}],\"inLanguage\":\"fr-FR\"},{\"@type\":\"Organization\",\"@id\":\"https:\\\/\\\/www.pepiniere-boisdelalau.fr\\\/#organization\",\"name\":\"P\u00e9pini\u00e8re le bois de Lalau\",\"url\":\"https:\\\/\\\/www.pepiniere-boisdelalau.fr\\\/\",\"logo\":{\"@type\":\"ImageObject\",\"inLanguage\":\"fr-FR\",\"@id\":\"https:\\\/\\\/www.pepiniere-boisdelalau.fr\\\/#\\\/schema\\\/logo\\\/image\\\/\",\"url\":\"\",\"contentUrl\":\"\",\"caption\":\"P\u00e9pini\u00e8re le bois de Lalau\"},\"image\":{\"@id\":\"https:\\\/\\\/www.pepiniere-boisdelalau.fr\\\/#\\\/schema\\\/logo\\\/image\\\/\"},\"sameAs\":[\"https:\\\/\\\/www.facebook.com\\\/pepiniereboisdelalau\"]}]}<\/script>\n<!-- \/ Yoast SEO plugin. -->","yoast_head_json":{"title":"Foire aux plantes - Colomiers - P\u00e9pini\u00e8re du bois de Lalau","robots":{"index":"index","follow":"follow","max-snippet":"max-snippet:-1","max-image-preview":"max-image-preview:large","max-video-preview":"max-video-preview:-1"},"canonical":"https:\/\/www.pepiniere-boisdelalau.fr\/index.php\/calendrier\/foire-aux-plantes-colomiers-2\/","twitter_misc":{"Dur\u00e9e de lecture estim\u00e9e":"1 minute"},"schema":{"@context":"https:\/\/schema.org","@graph":[{"@type":"WebPage","@id":"https:\/\/www.pepiniere-boisdelalau.fr\/index.php\/calendrier\/foire-aux-plantes-colomiers-2\/","url":"https:\/\/www.pepiniere-boisdelalau.fr\/index.php\/calendrier\/foire-aux-plantes-colomiers-2\/","name":"Foire aux plantes - Colomiers - P\u00e9pini\u00e8re du bois de Lalau","isPartOf":{"@id":"https:\/\/www.pepiniere-boisdelalau.fr\/#website"},"primaryImageOfPage":{"@id":"https:\/\/www.pepiniere-boisdelalau.fr\/index.php\/calendrier\/foire-aux-plantes-colomiers-2\/#primaryimage"},"image":{"@id":"https:\/\/www.pepiniere-boisdelalau.fr\/index.php\/calendrier\/foire-aux-plantes-colomiers-2\/#primaryimage"},"thumbnailUrl":"https:\/\/labouture.fr\/images\/cc292e0c9135540d3a73edd2dcfa977a.png","datePublished":"2025-03-01T14:26:11+00:00","breadcrumb":{"@id":"https:\/\/www.pepiniere-boisdelalau.fr\/index.php\/calendrier\/foire-aux-plantes-colomiers-2\/#breadcrumb"},"inLanguage":"fr-FR","potentialAction":[{"@type":"ReadAction","target":["https:\/\/www.pepiniere-boisdelalau.fr\/index.php\/calendrier\/foire-aux-plantes-colomiers-2\/"]}]},{"@type":"ImageObject","inLanguage":"fr-FR","@id":"https:\/\/www.pepiniere-boisdelalau.fr\/index.php\/calendrier\/foire-aux-plantes-colomiers-2\/#primaryimage","url":"https:\/\/labouture.fr\/images\/cc292e0c9135540d3a73edd2dcfa977a.png","contentUrl":"https:\/\/labouture.fr\/images\/cc292e0c9135540d3a73edd2dcfa977a.png"},{"@type":"BreadcrumbList","@id":"https:\/\/www.pepiniere-boisdelalau.fr\/index.php\/calendrier\/foire-aux-plantes-colomiers-2\/#breadcrumb","itemListElement":[{"@type":"ListItem","position":1,"name":"Accueil","item":"https:\/\/www.pepiniere-boisdelalau.fr\/"},{"@type":"ListItem","position":2,"name":"\u00c9v\u00e8nements","item":"https:\/\/www.pepiniere-boisdelalau.fr\/index.php\/calendrier\/"},{"@type":"ListItem","position":3,"name":"Foire aux plantes &#8211; Colomiers"}]},{"@type":"WebSite","@id":"https:\/\/www.pepiniere-boisdelalau.fr\/#website","url":"https:\/\/www.pepiniere-boisdelalau.fr\/","name":"P\u00e9pini\u00e8re le bois de Lalau","description":"P\u00e9pini\u00e8riste paysan-producteur","publisher":{"@id":"https:\/\/www.pepiniere-boisdelalau.fr\/#organization"},"potentialAction":[{"@type":"SearchAction","target":{"@type":"EntryPoint","urlTemplate":"https:\/\/www.pepiniere-boisdelalau.fr\/?s={search_term_string}"},"query-input":{"@type":"PropertyValueSpecification","valueRequired":true,"valueName":"search_term_string"}}],"inLanguage":"fr-FR"},{"@type":"Organization","@id":"https:\/\/www.pepiniere-boisdelalau.fr\/#organization","name":"P\u00e9pini\u00e8re le bois de Lalau","url":"https:\/\/www.pepiniere-boisdelalau.fr\/","logo":{"@type":"ImageObject","inLanguage":"fr-FR","@id":"https:\/\/www.pepiniere-boisdelalau.fr\/#\/schema\/logo\/image\/","url":"","contentUrl":"","caption":"P\u00e9pini\u00e8re le bois de Lalau"},"image":{"@id":"https:\/\/www.pepiniere-boisdelalau.fr\/#\/schema\/logo\/image\/"},"sameAs":["https:\/\/www.facebook.com\/pepiniereboisdelalau"]}]}},"_links":{"self":[{"href":"https:\/\/www.pepiniere-boisdelalau.fr\/index.php\/wp-json\/wp\/v2\/tribe_events\/1580197","targetHints":{"allow":["GET"]}}],"collection":[{"href":"https:\/\/www.pepiniere-boisdelalau.fr\/index.php\/wp-json\/wp\/v2\/tribe_events"}],"about":[{"href":"https:\/\/www.pepiniere-boisdelalau.fr\/index.php\/wp-json\/wp\/v2\/types\/tribe_events"}],"author":[{"embeddable":true,"href":"https:\/\/www.pepiniere-boisdelalau.fr\/index.php\/wp-json\/wp\/v2\/users\/1"}],"version-history":[{"count":1,"href":"https:\/\/www.pepiniere-boisdelalau.fr\/index.php\/wp-json\/wp\/v2\/tribe_events\/1580197\/revisions"}],"predecessor-version":[{"id":1580301,"href":"https:\/\/www.pepiniere-boisdelalau.fr\/index.php\/wp-json\/wp\/v2\/tribe_events\/1580197\/revisions\/1580301"}],"wp:attachment":[{"href":"https:\/\/www.pepiniere-boisdelalau.fr\/index.php\/wp-json\/wp\/v2\/media?parent=1580197"}],"wp:term":[{"taxonomy":"post_tag","embeddable":true,"href":"https:\/\/www.pepiniere-boisdelalau.fr\/index.php\/wp-json\/wp\/v2\/tags?post=1580197"},{"taxonomy":"tribe_events_cat","embeddable":true,"href":"https:\/\/www.pepiniere-boisdelalau.fr\/index.php\/wp-json\/wp\/v2\/tribe_events_cat?post=1580197"}],"curies":[{"name":"wp","href":"https:\/\/api.w.org\/{rel}","templated":true}]}}

<p>Retrouvez nous pour la foire aux plantes de Colomiers, le dimanche 9 mars 2025 à partir de 9h00.</p>
<p style="text-align: center;"><img fetchpriority="high" decoding="async" class="alignnone " src="https://labouture.fr/images/cc292e0c9135540d3a73edd2dcfa977a.png" width="366" height="542" /></p>
<p style="text-align: center;"><iframe style="border: none; overflow: hidden;" src="https://www.facebook.com/plugins/post.php?href=https%3A%2F%2Fwww.facebook.com%2FplantesenfolieColomiers%2Fposts%2Fpfbid0ruG5h1miR9q3Nv5bxyCVbXnv9cLRFGMR6Pi8ZHMEYte77pBTUumNtkMWtLLhVwkql&amp;width=750&amp;show_text=true&amp;height=695&amp;appId" width="750" height="695" frameborder="0" scrolling="no" allowfullscreen="allowfullscreen"></iframe></p>
<p>Ils en parlent aussi &#8230;</p>
<p style="text-align: center;"><a href="https://www.aujardin.info/agenda/5989-foire-plantes-colomiers.php"><img decoding="async" class="alignnone" src="https://static.aujardin.info/img/menu/logo-aujardin.webp" alt="" width="260" height="120" /></a></p>
<p style="text-align: center;"><a href="https://labouture.fr/Foire-aux-Plantes-de-COLOMIERS-12959.html"><img decoding="async" class="alignnone" src="https://labouture.fr/infographie/Des-Annonces-Nature-et-Jardin.png" alt="" width="226" height="70" /></a></p>
<p style="text-align: center;"><a href="https://www.flanerbouger.fr/events/foires/31770-foire-aux-plantes-colomiers-443258"><img loading="lazy" decoding="async" class="alignnone" src="https://www.flanerbouger.fr/events/img/logo-full-h-32.png" alt="" width="196" height="32" /></a></p>
<p style="text-align: center;">

<p>Retrouvez nous pour la foire aux plantes de Colomiers, le dimanche 9 mars 2025 à partir de 9h00. Ils en parlent aussi &#8230;</p>

<!-- This site is optimized with the Yoast SEO plugin v27.5 - https://yoast.com/product/yoast-seo-wordpress/ -->
<title>Foire aux plantes - Colomiers - Pépinière du bois de Lalau</title>
<meta name="robots" content="index, follow, max-snippet:-1, max-image-preview:large, max-video-preview:-1" />
<link rel="canonical" href="https://www.pepiniere-boisdelalau.fr/index.php/calendrier/foire-aux-plantes-colomiers-2/" />
<meta name="twitter:label1" content="Durée de lecture estimée" />
	<meta name="twitter:data1" content="1 minute" />
<script type="application/ld+json" class="yoast-schema-graph">{"@context":"https:\/\/schema.org","@graph":[{"@type":"WebPage","@id":"https:\/\/www.pepiniere-boisdelalau.fr\/index.php\/calendrier\/foire-aux-plantes-colomiers-2\/","url":"https:\/\/www.pepiniere-boisdelalau.fr\/index.php\/calendrier\/foire-aux-plantes-colomiers-2\/","name":"Foire aux plantes - Colomiers - Pépinière du bois de Lalau","isPartOf":{"@id":"https:\/\/www.pepiniere-boisdelalau.fr\/#website"},"primaryImageOfPage":{"@id":"https:\/\/www.pepiniere-boisdelalau.fr\/index.php\/calendrier\/foire-aux-plantes-colomiers-2\/#primaryimage"},"image":{"@id":"https:\/\/www.pepiniere-boisdelalau.fr\/index.php\/calendrier\/foire-aux-plantes-colomiers-2\/#primaryimage"},"thumbnailUrl":"https:\/\/labouture.fr\/images\/cc292e0c9135540d3a73edd2dcfa977a.png","datePublished":"2025-03-01T14:26:11+00:00","breadcrumb":{"@id":"https:\/\/www.pepiniere-boisdelalau.fr\/index.php\/calendrier\/foire-aux-plantes-colomiers-2\/#breadcrumb"},"inLanguage":"fr-FR","potentialAction":[{"@type":"ReadAction","target":["https:\/\/www.pepiniere-boisdelalau.fr\/index.php\/calendrier\/foire-aux-plantes-colomiers-2\/"]}]},{"@type":"ImageObject","inLanguage":"fr-FR","@id":"https:\/\/www.pepiniere-boisdelalau.fr\/index.php\/calendrier\/foire-aux-plantes-colomiers-2\/#primaryimage","url":"https:\/\/labouture.fr\/images\/cc292e0c9135540d3a73edd2dcfa977a.png","contentUrl":"https:\/\/labouture.fr\/images\/cc292e0c9135540d3a73edd2dcfa977a.png"},{"@type":"BreadcrumbList","@id":"https:\/\/www.pepiniere-boisdelalau.fr\/index.php\/calendrier\/foire-aux-plantes-colomiers-2\/#breadcrumb","itemListElement":[{"@type":"ListItem","position":1,"name":"Accueil","item":"https:\/\/www.pepiniere-boisdelalau.fr\/"},{"@type":"ListItem","position":2,"name":"Évènements","item":"https:\/\/www.pepiniere-boisdelalau.fr\/index.php\/calendrier\/"},{"@type":"ListItem","position":3,"name":"Foire aux plantes &#8211; Colomiers"}]},{"@type":"WebSite","@id":"https:\/\/www.pepiniere-boisdelalau.fr\/#website","url":"https:\/\/www.pepiniere-boisdelalau.fr\/","name":"Pépinière le bois de Lalau","description":"Pépinièriste paysan-producteur","publisher":{"@id":"https:\/\/www.pepiniere-boisdelalau.fr\/#organization"},"potentialAction":[{"@type":"SearchAction","target":{"@type":"EntryPoint","urlTemplate":"https:\/\/www.pepiniere-boisdelalau.fr\/?s={search_term_string}"},"query-input":{"@type":"PropertyValueSpecification","valueRequired":true,"valueName":"search_term_string"}}],"inLanguage":"fr-FR"},{"@type":"Organization","@id":"https:\/\/www.pepiniere-boisdelalau.fr\/#organization","name":"Pépinière le bois de Lalau","url":"https:\/\/www.pepiniere-boisdelalau.fr\/","logo":{"@type":"ImageObject","inLanguage":"fr-FR","@id":"https:\/\/www.pepiniere-boisdelalau.fr\/#\/schema\/logo\/image\/","url":"","contentUrl":"","caption":"Pépinière le bois de Lalau"},"image":{"@id":"https:\/\/www.pepiniere-boisdelalau.fr\/#\/schema\/logo\/image\/"},"sameAs":["https:\/\/www.facebook.com\/pepiniereboisdelalau"]}]}</script>
<!-- / Yoast SEO plugin. -->

Foire aux plantes - Colomiers - Pépinière du bois de Lalau

Évènements

Pépinière le bois de Lalau

Pépinièriste paysan-producteur
