{"id":1619214,"date":"2025-03-14T11:23:57","date_gmt":"2025-03-14T10:23:57","guid":{"rendered":"https:\/\/www.pepiniere-boisdelalau.fr\/?post_type=tribe_events&#038;p=1619214"},"modified":"2025-03-14T11:23:57","modified_gmt":"2025-03-14T10:23:57","slug":"foire-agricole-samatan-2","status":"publish","type":"tribe_events","link":"https:\/\/www.pepiniere-boisdelalau.fr\/index.php\/calendrier\/foire-agricole-samatan-2\/","title":{"rendered":"Foire agricole &#8211; Samatan"},"content":{"rendered":"<p>Retrouvez-nous pour la foire agricole de Samatan, le samedi 15 et dimanche 16 mars 2025 \u00e0 partir de 8h30.<\/p>\n<p><img fetchpriority=\"high\" decoding=\"async\" class=\"aligncenter\" src=\"https:\/\/www.samatan-gers.com\/wp-content\/uploads\/2025\/02\/Affiche-foire-agricole-768x1086.jpg\" width=\"572\" height=\"809\" \/><\/p>\n<p>Ils en parlent aussi &#8230;<\/p>\n<p style=\"text-align: center;\"><a href=\"https:\/\/www.samatan-gers.com\/evenement\/46eme-foire-agricole\/#noopener\/1\/\"><img decoding=\"async\" class=\"alignnone\" src=\"https:\/\/www.samatan-gers.com\/wp-content\/uploads\/2022\/04\/logo-mairie-samatan_114x114.png\" alt=\"\" width=\"114\" height=\"114\" \/><\/a><\/p>\n<p style=\"text-align: center;\"><a href=\"https:\/\/www.ladepeche.fr\/2025\/03\/10\/samatan-la-foire-agricole-celebre-lexcellence-du-terroir-du-15-au-17-mars-12561211.php\"><img decoding=\"async\" class=\"alignnone\" src=\"https:\/\/assets.ladepeche.fr\/img\/logos\/logo.svg?401462f6\" alt=\"\" width=\"289\" height=\"89\" \/><\/a><\/p>\n<p style=\"text-align: center;\"><a href=\"https:\/\/www.tourisme-saves.com\/agenda\/foire-agricole-5350231\"><img loading=\"lazy\" decoding=\"async\" class=\"alignnone\" style=\"background: #303030;\" src=\"https:\/\/www.tourisme-saves.com\/sites\/saves-tourisme\/themes\/theme_base\/img\/svg\/logo-light.svg\" alt=\"\" width=\"300\" height=\"200\" \/><\/a><\/p>\n","protected":false},"excerpt":{"rendered":"<p>Retrouvez-nous pour la foire agricole de Samatan, le samedi 15 et dimanche 16 mars 2025 \u00e0 partir de 8h30. Ils en parlent aussi &#8230;<\/p>\n","protected":false},"author":1,"featured_media":0,"template":"","meta":{"inline_featured_image":false,"_themeisle_gutenberg_block_has_review":false,"_tribe_events_status":"","_tribe_events_status_reason":"","footnotes":""},"tags":[],"tribe_events_cat":[],"class_list":["post-1619214","tribe_events","type-tribe_events","status-publish","hentry"],"yoast_head":"<!-- This site is optimized with the Yoast SEO plugin v27.5 - https:\/\/yoast.com\/product\/yoast-seo-wordpress\/ -->\n<title>Foire agricole - Samatan - P\u00e9pini\u00e8re du bois de Lalau<\/title>\n<meta name=\"robots\" content=\"index, follow, max-snippet:-1, max-image-preview:large, max-video-preview:-1\" \/>\n<link rel=\"canonical\" href=\"https:\/\/www.pepiniere-boisdelalau.fr\/index.php\/calendrier\/foire-agricole-samatan-2\/\" \/>\n<meta name=\"twitter:label1\" content=\"Dur\u00e9e de lecture estim\u00e9e\" \/>\n\t<meta name=\"twitter:data1\" content=\"1 minute\" \/>\n<script type=\"application\/ld+json\" class=\"yoast-schema-graph\">{\"@context\":\"https:\\\/\\\/schema.org\",\"@graph\":[{\"@type\":\"WebPage\",\"@id\":\"https:\\\/\\\/www.pepiniere-boisdelalau.fr\\\/index.php\\\/calendrier\\\/foire-agricole-samatan-2\\\/\",\"url\":\"https:\\\/\\\/www.pepiniere-boisdelalau.fr\\\/index.php\\\/calendrier\\\/foire-agricole-samatan-2\\\/\",\"name\":\"Foire agricole - Samatan - P\u00e9pini\u00e8re du bois de Lalau\",\"isPartOf\":{\"@id\":\"https:\\\/\\\/www.pepiniere-boisdelalau.fr\\\/#website\"},\"primaryImageOfPage\":{\"@id\":\"https:\\\/\\\/www.pepiniere-boisdelalau.fr\\\/index.php\\\/calendrier\\\/foire-agricole-samatan-2\\\/#primaryimage\"},\"image\":{\"@id\":\"https:\\\/\\\/www.pepiniere-boisdelalau.fr\\\/index.php\\\/calendrier\\\/foire-agricole-samatan-2\\\/#primaryimage\"},\"thumbnailUrl\":\"https:\\\/\\\/www.samatan-gers.com\\\/wp-content\\\/uploads\\\/2025\\\/02\\\/Affiche-foire-agricole-768x1086.jpg\",\"datePublished\":\"2025-03-14T10:23:57+00:00\",\"breadcrumb\":{\"@id\":\"https:\\\/\\\/www.pepiniere-boisdelalau.fr\\\/index.php\\\/calendrier\\\/foire-agricole-samatan-2\\\/#breadcrumb\"},\"inLanguage\":\"fr-FR\",\"potentialAction\":[{\"@type\":\"ReadAction\",\"target\":[\"https:\\\/\\\/www.pepiniere-boisdelalau.fr\\\/index.php\\\/calendrier\\\/foire-agricole-samatan-2\\\/\"]}]},{\"@type\":\"ImageObject\",\"inLanguage\":\"fr-FR\",\"@id\":\"https:\\\/\\\/www.pepiniere-boisdelalau.fr\\\/index.php\\\/calendrier\\\/foire-agricole-samatan-2\\\/#primaryimage\",\"url\":\"https:\\\/\\\/www.samatan-gers.com\\\/wp-content\\\/uploads\\\/2025\\\/02\\\/Affiche-foire-agricole-768x1086.jpg\",\"contentUrl\":\"https:\\\/\\\/www.samatan-gers.com\\\/wp-content\\\/uploads\\\/2025\\\/02\\\/Affiche-foire-agricole-768x1086.jpg\"},{\"@type\":\"BreadcrumbList\",\"@id\":\"https:\\\/\\\/www.pepiniere-boisdelalau.fr\\\/index.php\\\/calendrier\\\/foire-agricole-samatan-2\\\/#breadcrumb\",\"itemListElement\":[{\"@type\":\"ListItem\",\"position\":1,\"name\":\"Accueil\",\"item\":\"https:\\\/\\\/www.pepiniere-boisdelalau.fr\\\/\"},{\"@type\":\"ListItem\",\"position\":2,\"name\":\"\u00c9v\u00e8nements\",\"item\":\"https:\\\/\\\/www.pepiniere-boisdelalau.fr\\\/index.php\\\/calendrier\\\/\"},{\"@type\":\"ListItem\",\"position\":3,\"name\":\"Foire agricole &#8211; Samatan\"}]},{\"@type\":\"WebSite\",\"@id\":\"https:\\\/\\\/www.pepiniere-boisdelalau.fr\\\/#website\",\"url\":\"https:\\\/\\\/www.pepiniere-boisdelalau.fr\\\/\",\"name\":\"P\u00e9pini\u00e8re le bois de Lalau\",\"description\":\"P\u00e9pini\u00e8riste paysan-producteur\",\"publisher\":{\"@id\":\"https:\\\/\\\/www.pepiniere-boisdelalau.fr\\\/#organization\"},\"potentialAction\":[{\"@type\":\"SearchAction\",\"target\":{\"@type\":\"EntryPoint\",\"urlTemplate\":\"https:\\\/\\\/www.pepiniere-boisdelalau.fr\\\/?s={search_term_string}\"},\"query-input\":{\"@type\":\"PropertyValueSpecification\",\"valueRequired\":true,\"valueName\":\"search_term_string\"}}],\"inLanguage\":\"fr-FR\"},{\"@type\":\"Organization\",\"@id\":\"https:\\\/\\\/www.pepiniere-boisdelalau.fr\\\/#organization\",\"name\":\"P\u00e9pini\u00e8re le bois de Lalau\",\"url\":\"https:\\\/\\\/www.pepiniere-boisdelalau.fr\\\/\",\"logo\":{\"@type\":\"ImageObject\",\"inLanguage\":\"fr-FR\",\"@id\":\"https:\\\/\\\/www.pepiniere-boisdelalau.fr\\\/#\\\/schema\\\/logo\\\/image\\\/\",\"url\":\"\",\"contentUrl\":\"\",\"caption\":\"P\u00e9pini\u00e8re le bois de Lalau\"},\"image\":{\"@id\":\"https:\\\/\\\/www.pepiniere-boisdelalau.fr\\\/#\\\/schema\\\/logo\\\/image\\\/\"},\"sameAs\":[\"https:\\\/\\\/www.facebook.com\\\/pepiniereboisdelalau\"]}]}<\/script>\n<!-- \/ Yoast SEO plugin. -->","yoast_head_json":{"title":"Foire agricole - Samatan - P\u00e9pini\u00e8re du bois de Lalau","robots":{"index":"index","follow":"follow","max-snippet":"max-snippet:-1","max-image-preview":"max-image-preview:large","max-video-preview":"max-video-preview:-1"},"canonical":"https:\/\/www.pepiniere-boisdelalau.fr\/index.php\/calendrier\/foire-agricole-samatan-2\/","twitter_misc":{"Dur\u00e9e de lecture estim\u00e9e":"1 minute"},"schema":{"@context":"https:\/\/schema.org","@graph":[{"@type":"WebPage","@id":"https:\/\/www.pepiniere-boisdelalau.fr\/index.php\/calendrier\/foire-agricole-samatan-2\/","url":"https:\/\/www.pepiniere-boisdelalau.fr\/index.php\/calendrier\/foire-agricole-samatan-2\/","name":"Foire agricole - Samatan - P\u00e9pini\u00e8re du bois de Lalau","isPartOf":{"@id":"https:\/\/www.pepiniere-boisdelalau.fr\/#website"},"primaryImageOfPage":{"@id":"https:\/\/www.pepiniere-boisdelalau.fr\/index.php\/calendrier\/foire-agricole-samatan-2\/#primaryimage"},"image":{"@id":"https:\/\/www.pepiniere-boisdelalau.fr\/index.php\/calendrier\/foire-agricole-samatan-2\/#primaryimage"},"thumbnailUrl":"https:\/\/www.samatan-gers.com\/wp-content\/uploads\/2025\/02\/Affiche-foire-agricole-768x1086.jpg","datePublished":"2025-03-14T10:23:57+00:00","breadcrumb":{"@id":"https:\/\/www.pepiniere-boisdelalau.fr\/index.php\/calendrier\/foire-agricole-samatan-2\/#breadcrumb"},"inLanguage":"fr-FR","potentialAction":[{"@type":"ReadAction","target":["https:\/\/www.pepiniere-boisdelalau.fr\/index.php\/calendrier\/foire-agricole-samatan-2\/"]}]},{"@type":"ImageObject","inLanguage":"fr-FR","@id":"https:\/\/www.pepiniere-boisdelalau.fr\/index.php\/calendrier\/foire-agricole-samatan-2\/#primaryimage","url":"https:\/\/www.samatan-gers.com\/wp-content\/uploads\/2025\/02\/Affiche-foire-agricole-768x1086.jpg","contentUrl":"https:\/\/www.samatan-gers.com\/wp-content\/uploads\/2025\/02\/Affiche-foire-agricole-768x1086.jpg"},{"@type":"BreadcrumbList","@id":"https:\/\/www.pepiniere-boisdelalau.fr\/index.php\/calendrier\/foire-agricole-samatan-2\/#breadcrumb","itemListElement":[{"@type":"ListItem","position":1,"name":"Accueil","item":"https:\/\/www.pepiniere-boisdelalau.fr\/"},{"@type":"ListItem","position":2,"name":"\u00c9v\u00e8nements","item":"https:\/\/www.pepiniere-boisdelalau.fr\/index.php\/calendrier\/"},{"@type":"ListItem","position":3,"name":"Foire agricole &#8211; Samatan"}]},{"@type":"WebSite","@id":"https:\/\/www.pepiniere-boisdelalau.fr\/#website","url":"https:\/\/www.pepiniere-boisdelalau.fr\/","name":"P\u00e9pini\u00e8re le bois de Lalau","description":"P\u00e9pini\u00e8riste paysan-producteur","publisher":{"@id":"https:\/\/www.pepiniere-boisdelalau.fr\/#organization"},"potentialAction":[{"@type":"SearchAction","target":{"@type":"EntryPoint","urlTemplate":"https:\/\/www.pepiniere-boisdelalau.fr\/?s={search_term_string}"},"query-input":{"@type":"PropertyValueSpecification","valueRequired":true,"valueName":"search_term_string"}}],"inLanguage":"fr-FR"},{"@type":"Organization","@id":"https:\/\/www.pepiniere-boisdelalau.fr\/#organization","name":"P\u00e9pini\u00e8re le bois de Lalau","url":"https:\/\/www.pepiniere-boisdelalau.fr\/","logo":{"@type":"ImageObject","inLanguage":"fr-FR","@id":"https:\/\/www.pepiniere-boisdelalau.fr\/#\/schema\/logo\/image\/","url":"","contentUrl":"","caption":"P\u00e9pini\u00e8re le bois de Lalau"},"image":{"@id":"https:\/\/www.pepiniere-boisdelalau.fr\/#\/schema\/logo\/image\/"},"sameAs":["https:\/\/www.facebook.com\/pepiniereboisdelalau"]}]}},"_links":{"self":[{"href":"https:\/\/www.pepiniere-boisdelalau.fr\/index.php\/wp-json\/wp\/v2\/tribe_events\/1619214","targetHints":{"allow":["GET"]}}],"collection":[{"href":"https:\/\/www.pepiniere-boisdelalau.fr\/index.php\/wp-json\/wp\/v2\/tribe_events"}],"about":[{"href":"https:\/\/www.pepiniere-boisdelalau.fr\/index.php\/wp-json\/wp\/v2\/types\/tribe_events"}],"author":[{"embeddable":true,"href":"https:\/\/www.pepiniere-boisdelalau.fr\/index.php\/wp-json\/wp\/v2\/users\/1"}],"version-history":[{"count":1,"href":"https:\/\/www.pepiniere-boisdelalau.fr\/index.php\/wp-json\/wp\/v2\/tribe_events\/1619214\/revisions"}],"predecessor-version":[{"id":1619218,"href":"https:\/\/www.pepiniere-boisdelalau.fr\/index.php\/wp-json\/wp\/v2\/tribe_events\/1619214\/revisions\/1619218"}],"wp:attachment":[{"href":"https:\/\/www.pepiniere-boisdelalau.fr\/index.php\/wp-json\/wp\/v2\/media?parent=1619214"}],"wp:term":[{"taxonomy":"post_tag","embeddable":true,"href":"https:\/\/www.pepiniere-boisdelalau.fr\/index.php\/wp-json\/wp\/v2\/tags?post=1619214"},{"taxonomy":"tribe_events_cat","embeddable":true,"href":"https:\/\/www.pepiniere-boisdelalau.fr\/index.php\/wp-json\/wp\/v2\/tribe_events_cat?post=1619214"}],"curies":[{"name":"wp","href":"https:\/\/api.w.org\/{rel}","templated":true}]}}

<p>Retrouvez-nous pour la foire agricole de Samatan, le samedi 15 et dimanche 16 mars 2025 à partir de 8h30.</p>
<p><img fetchpriority="high" decoding="async" class="aligncenter" src="https://www.samatan-gers.com/wp-content/uploads/2025/02/Affiche-foire-agricole-768x1086.jpg" width="572" height="809" /></p>
<p>Ils en parlent aussi &#8230;</p>
<p style="text-align: center;"><a href="https://www.samatan-gers.com/evenement/46eme-foire-agricole/#noopener/1/"><img decoding="async" class="alignnone" src="https://www.samatan-gers.com/wp-content/uploads/2022/04/logo-mairie-samatan_114x114.png" alt="" width="114" height="114" /></a></p>
<p style="text-align: center;"><a href="https://www.ladepeche.fr/2025/03/10/samatan-la-foire-agricole-celebre-lexcellence-du-terroir-du-15-au-17-mars-12561211.php"><img decoding="async" class="alignnone" src="https://assets.ladepeche.fr/img/logos/logo.svg?401462f6" alt="" width="289" height="89" /></a></p>
<p style="text-align: center;"><a href="https://www.tourisme-saves.com/agenda/foire-agricole-5350231"><img loading="lazy" decoding="async" class="alignnone" style="background: #303030;" src="https://www.tourisme-saves.com/sites/saves-tourisme/themes/theme_base/img/svg/logo-light.svg" alt="" width="300" height="200" /></a></p>

<p>Retrouvez-nous pour la foire agricole de Samatan, le samedi 15 et dimanche 16 mars 2025 à partir de 8h30. Ils en parlent aussi &#8230;</p>

<!-- This site is optimized with the Yoast SEO plugin v27.5 - https://yoast.com/product/yoast-seo-wordpress/ -->
<title>Foire agricole - Samatan - Pépinière du bois de Lalau</title>
<meta name="robots" content="index, follow, max-snippet:-1, max-image-preview:large, max-video-preview:-1" />
<link rel="canonical" href="https://www.pepiniere-boisdelalau.fr/index.php/calendrier/foire-agricole-samatan-2/" />
<meta name="twitter:label1" content="Durée de lecture estimée" />
	<meta name="twitter:data1" content="1 minute" />
<script type="application/ld+json" class="yoast-schema-graph">{"@context":"https:\/\/schema.org","@graph":[{"@type":"WebPage","@id":"https:\/\/www.pepiniere-boisdelalau.fr\/index.php\/calendrier\/foire-agricole-samatan-2\/","url":"https:\/\/www.pepiniere-boisdelalau.fr\/index.php\/calendrier\/foire-agricole-samatan-2\/","name":"Foire agricole - Samatan - Pépinière du bois de Lalau","isPartOf":{"@id":"https:\/\/www.pepiniere-boisdelalau.fr\/#website"},"primaryImageOfPage":{"@id":"https:\/\/www.pepiniere-boisdelalau.fr\/index.php\/calendrier\/foire-agricole-samatan-2\/#primaryimage"},"image":{"@id":"https:\/\/www.pepiniere-boisdelalau.fr\/index.php\/calendrier\/foire-agricole-samatan-2\/#primaryimage"},"thumbnailUrl":"https:\/\/www.samatan-gers.com\/wp-content\/uploads\/2025\/02\/Affiche-foire-agricole-768x1086.jpg","datePublished":"2025-03-14T10:23:57+00:00","breadcrumb":{"@id":"https:\/\/www.pepiniere-boisdelalau.fr\/index.php\/calendrier\/foire-agricole-samatan-2\/#breadcrumb"},"inLanguage":"fr-FR","potentialAction":[{"@type":"ReadAction","target":["https:\/\/www.pepiniere-boisdelalau.fr\/index.php\/calendrier\/foire-agricole-samatan-2\/"]}]},{"@type":"ImageObject","inLanguage":"fr-FR","@id":"https:\/\/www.pepiniere-boisdelalau.fr\/index.php\/calendrier\/foire-agricole-samatan-2\/#primaryimage","url":"https:\/\/www.samatan-gers.com\/wp-content\/uploads\/2025\/02\/Affiche-foire-agricole-768x1086.jpg","contentUrl":"https:\/\/www.samatan-gers.com\/wp-content\/uploads\/2025\/02\/Affiche-foire-agricole-768x1086.jpg"},{"@type":"BreadcrumbList","@id":"https:\/\/www.pepiniere-boisdelalau.fr\/index.php\/calendrier\/foire-agricole-samatan-2\/#breadcrumb","itemListElement":[{"@type":"ListItem","position":1,"name":"Accueil","item":"https:\/\/www.pepiniere-boisdelalau.fr\/"},{"@type":"ListItem","position":2,"name":"Évènements","item":"https:\/\/www.pepiniere-boisdelalau.fr\/index.php\/calendrier\/"},{"@type":"ListItem","position":3,"name":"Foire agricole &#8211; Samatan"}]},{"@type":"WebSite","@id":"https:\/\/www.pepiniere-boisdelalau.fr\/#website","url":"https:\/\/www.pepiniere-boisdelalau.fr\/","name":"Pépinière le bois de Lalau","description":"Pépinièriste paysan-producteur","publisher":{"@id":"https:\/\/www.pepiniere-boisdelalau.fr\/#organization"},"potentialAction":[{"@type":"SearchAction","target":{"@type":"EntryPoint","urlTemplate":"https:\/\/www.pepiniere-boisdelalau.fr\/?s={search_term_string}"},"query-input":{"@type":"PropertyValueSpecification","valueRequired":true,"valueName":"search_term_string"}}],"inLanguage":"fr-FR"},{"@type":"Organization","@id":"https:\/\/www.pepiniere-boisdelalau.fr\/#organization","name":"Pépinière le bois de Lalau","url":"https:\/\/www.pepiniere-boisdelalau.fr\/","logo":{"@type":"ImageObject","inLanguage":"fr-FR","@id":"https:\/\/www.pepiniere-boisdelalau.fr\/#\/schema\/logo\/image\/","url":"","contentUrl":"","caption":"Pépinière le bois de Lalau"},"image":{"@id":"https:\/\/www.pepiniere-boisdelalau.fr\/#\/schema\/logo\/image\/"},"sameAs":["https:\/\/www.facebook.com\/pepiniereboisdelalau"]}]}</script>
<!-- / Yoast SEO plugin. -->

Foire agricole - Samatan - Pépinière du bois de Lalau

Évènements

Pépinière le bois de Lalau

Pépinièriste paysan-producteur
