{"id":1619283,"date":"2025-03-14T15:53:12","date_gmt":"2025-03-14T14:53:12","guid":{"rendered":"https:\/\/www.pepiniere-boisdelalau.fr\/?post_type=tribe_events&#038;p=1619283"},"modified":"2025-03-14T16:29:40","modified_gmt":"2025-03-14T15:29:40","slug":"foire-brocante-vide-grenier-buzet-sur-tarn","status":"publish","type":"tribe_events","link":"https:\/\/www.pepiniere-boisdelalau.fr\/index.php\/calendrier\/foire-brocante-vide-grenier-buzet-sur-tarn\/","title":{"rendered":"Foire brocante\/vide grenier &#8211; Buzet sur Tarn"},"content":{"rendered":"<p>Retrouvez-nous pour la foire brocante et vide grenier de Buzet sur Tarn, le samedi 22 et\u00a0 dimanche 23 mars 2025 \u00e0 partir de 8h30.<\/p>\n<p style=\"text-align: center;\"><img fetchpriority=\"high\" decoding=\"async\" class=\"alignnone size-full\" src=\"https:\/\/brocabrac.fr\/cdn\/event\/photos\/22\/38\/22382013f284bdc3633b96dab849e290ec812bad2f3e703f0d018cc6789c11af-large.jpg\" width=\"571\" height=\"800\" \/><\/p>\n<p style=\"text-align: center;\"><iframe style=\"border: none; overflow: hidden;\" src=\"https:\/\/www.facebook.com\/plugins\/post.php?href=https%3A%2F%2Fwww.facebook.com%2FfoiredeBuzetsurTarn%2Fposts%2Fpfbid0QPNVS3U8PX6a6gvA7jZnDw28oanrGm9hP66fmHKT4k4HTzNZQVpsak22Cpf83noHl&amp;width=750&amp;show_text=true&amp;height=653&amp;appId\" width=\"750\" height=\"653\" frameborder=\"0\" scrolling=\"no\" allowfullscreen=\"allowfullscreen\"><\/iframe><\/p>\n<h3>Ils en parlent aussi &#8230;<\/h3>\n<p style=\"text-align: center;\"><a href=\"https:\/\/vide-greniers.org\/31-Haute-Garonne\/Buzet-sur-Tarn-31\/foire-brocante-vide-grenier-buzet-tarn_408799252_12637193\"><img decoding=\"async\" class=\"alignnone\" src=\"https:\/\/vide-greniers.org\/images\/theme\/1\/logo.png\" alt=\"\" width=\"356\" height=\"80\" \/><\/a><\/p>\n<p style=\"text-align: center;\"><a href=\"https:\/\/brocabrac.fr\/31\/buzet-sur-tarn\/1269078-foire-brocante-vide-grenier\"><img decoding=\"async\" class=\"alignnone wp-image-906388 size-full\" src=\"https:\/\/www.pepiniere-boisdelalau.fr\/wp-content\/uploads\/2024\/04\/Brocabrac.png\" alt=\"\" width=\"436\" height=\"37\" srcset=\"https:\/\/www.pepiniere-boisdelalau.fr\/wp-content\/uploads\/2024\/04\/Brocabrac.png 436w, https:\/\/www.pepiniere-boisdelalau.fr\/wp-content\/uploads\/2024\/04\/Brocabrac-300x25.png 300w\" sizes=\"(max-width: 436px) 100vw, 436px\" \/><\/a><\/p>\n<p style=\"text-align: center;\"><a href=\"https:\/\/www.mairie-buzet-sur-tarn.fr\/vie-associative\/abc-association-des-parents-deleves\"><img loading=\"lazy\" decoding=\"async\" class=\"alignnone\" src=\"https:\/\/www.mairie-buzet-sur-tarn.fr\/sites\/mairie-buzet-sur-tarn.fr\/themes\/custom\/buzetsurtarn\/logo.svg\" alt=\"\" width=\"356\" height=\"80\" \/><\/a><\/p>\n","protected":false},"excerpt":{"rendered":"<p>Retrouvez-nous pour la foire brocante et vide grenier de Buzet sur Tarn, le samedi 22 et\u00a0 dimanche 23 mars 2025 \u00e0 partir de 8h30. Ils en parlent aussi &#8230;<\/p>\n","protected":false},"author":1,"featured_media":0,"template":"","meta":{"inline_featured_image":false,"_themeisle_gutenberg_block_has_review":false,"_tribe_events_status":"","_tribe_events_status_reason":"","footnotes":""},"tags":[],"tribe_events_cat":[],"class_list":["post-1619283","tribe_events","type-tribe_events","status-publish","hentry"],"yoast_head":"<!-- This site is optimized with the Yoast SEO plugin v27.5 - https:\/\/yoast.com\/product\/yoast-seo-wordpress\/ -->\n<title>Foire brocante\/vide grenier - Buzet sur Tarn - P\u00e9pini\u00e8re du bois de Lalau<\/title>\n<meta name=\"robots\" content=\"index, follow, max-snippet:-1, max-image-preview:large, max-video-preview:-1\" \/>\n<link rel=\"canonical\" href=\"https:\/\/www.pepiniere-boisdelalau.fr\/index.php\/calendrier\/foire-brocante-vide-grenier-buzet-sur-tarn\/\" \/>\n<meta name=\"twitter:label1\" content=\"Dur\u00e9e de lecture estim\u00e9e\" \/>\n\t<meta name=\"twitter:data1\" content=\"1 minute\" \/>\n<script type=\"application\/ld+json\" class=\"yoast-schema-graph\">{\"@context\":\"https:\\\/\\\/schema.org\",\"@graph\":[{\"@type\":\"WebPage\",\"@id\":\"https:\\\/\\\/www.pepiniere-boisdelalau.fr\\\/index.php\\\/calendrier\\\/foire-brocante-vide-grenier-buzet-sur-tarn\\\/\",\"url\":\"https:\\\/\\\/www.pepiniere-boisdelalau.fr\\\/index.php\\\/calendrier\\\/foire-brocante-vide-grenier-buzet-sur-tarn\\\/\",\"name\":\"Foire brocante\\\/vide grenier - Buzet sur Tarn - P\u00e9pini\u00e8re du bois de Lalau\",\"isPartOf\":{\"@id\":\"https:\\\/\\\/www.pepiniere-boisdelalau.fr\\\/#website\"},\"primaryImageOfPage\":{\"@id\":\"https:\\\/\\\/www.pepiniere-boisdelalau.fr\\\/index.php\\\/calendrier\\\/foire-brocante-vide-grenier-buzet-sur-tarn\\\/#primaryimage\"},\"image\":{\"@id\":\"https:\\\/\\\/www.pepiniere-boisdelalau.fr\\\/index.php\\\/calendrier\\\/foire-brocante-vide-grenier-buzet-sur-tarn\\\/#primaryimage\"},\"thumbnailUrl\":\"https:\\\/\\\/brocabrac.fr\\\/cdn\\\/event\\\/photos\\\/22\\\/38\\\/22382013f284bdc3633b96dab849e290ec812bad2f3e703f0d018cc6789c11af-large.jpg\",\"datePublished\":\"2025-03-14T14:53:12+00:00\",\"dateModified\":\"2025-03-14T15:29:40+00:00\",\"breadcrumb\":{\"@id\":\"https:\\\/\\\/www.pepiniere-boisdelalau.fr\\\/index.php\\\/calendrier\\\/foire-brocante-vide-grenier-buzet-sur-tarn\\\/#breadcrumb\"},\"inLanguage\":\"fr-FR\",\"potentialAction\":[{\"@type\":\"ReadAction\",\"target\":[\"https:\\\/\\\/www.pepiniere-boisdelalau.fr\\\/index.php\\\/calendrier\\\/foire-brocante-vide-grenier-buzet-sur-tarn\\\/\"]}]},{\"@type\":\"ImageObject\",\"inLanguage\":\"fr-FR\",\"@id\":\"https:\\\/\\\/www.pepiniere-boisdelalau.fr\\\/index.php\\\/calendrier\\\/foire-brocante-vide-grenier-buzet-sur-tarn\\\/#primaryimage\",\"url\":\"https:\\\/\\\/brocabrac.fr\\\/cdn\\\/event\\\/photos\\\/22\\\/38\\\/22382013f284bdc3633b96dab849e290ec812bad2f3e703f0d018cc6789c11af-large.jpg\",\"contentUrl\":\"https:\\\/\\\/brocabrac.fr\\\/cdn\\\/event\\\/photos\\\/22\\\/38\\\/22382013f284bdc3633b96dab849e290ec812bad2f3e703f0d018cc6789c11af-large.jpg\"},{\"@type\":\"BreadcrumbList\",\"@id\":\"https:\\\/\\\/www.pepiniere-boisdelalau.fr\\\/index.php\\\/calendrier\\\/foire-brocante-vide-grenier-buzet-sur-tarn\\\/#breadcrumb\",\"itemListElement\":[{\"@type\":\"ListItem\",\"position\":1,\"name\":\"Accueil\",\"item\":\"https:\\\/\\\/www.pepiniere-boisdelalau.fr\\\/\"},{\"@type\":\"ListItem\",\"position\":2,\"name\":\"\u00c9v\u00e8nements\",\"item\":\"https:\\\/\\\/www.pepiniere-boisdelalau.fr\\\/index.php\\\/calendrier\\\/\"},{\"@type\":\"ListItem\",\"position\":3,\"name\":\"Foire brocante\\\/vide grenier &#8211; Buzet sur Tarn\"}]},{\"@type\":\"WebSite\",\"@id\":\"https:\\\/\\\/www.pepiniere-boisdelalau.fr\\\/#website\",\"url\":\"https:\\\/\\\/www.pepiniere-boisdelalau.fr\\\/\",\"name\":\"P\u00e9pini\u00e8re le bois de Lalau\",\"description\":\"P\u00e9pini\u00e8riste paysan-producteur\",\"publisher\":{\"@id\":\"https:\\\/\\\/www.pepiniere-boisdelalau.fr\\\/#organization\"},\"potentialAction\":[{\"@type\":\"SearchAction\",\"target\":{\"@type\":\"EntryPoint\",\"urlTemplate\":\"https:\\\/\\\/www.pepiniere-boisdelalau.fr\\\/?s={search_term_string}\"},\"query-input\":{\"@type\":\"PropertyValueSpecification\",\"valueRequired\":true,\"valueName\":\"search_term_string\"}}],\"inLanguage\":\"fr-FR\"},{\"@type\":\"Organization\",\"@id\":\"https:\\\/\\\/www.pepiniere-boisdelalau.fr\\\/#organization\",\"name\":\"P\u00e9pini\u00e8re le bois de Lalau\",\"url\":\"https:\\\/\\\/www.pepiniere-boisdelalau.fr\\\/\",\"logo\":{\"@type\":\"ImageObject\",\"inLanguage\":\"fr-FR\",\"@id\":\"https:\\\/\\\/www.pepiniere-boisdelalau.fr\\\/#\\\/schema\\\/logo\\\/image\\\/\",\"url\":\"\",\"contentUrl\":\"\",\"caption\":\"P\u00e9pini\u00e8re le bois de Lalau\"},\"image\":{\"@id\":\"https:\\\/\\\/www.pepiniere-boisdelalau.fr\\\/#\\\/schema\\\/logo\\\/image\\\/\"},\"sameAs\":[\"https:\\\/\\\/www.facebook.com\\\/pepiniereboisdelalau\"]}]}<\/script>\n<!-- \/ Yoast SEO plugin. -->","yoast_head_json":{"title":"Foire brocante\/vide grenier - Buzet sur Tarn - P\u00e9pini\u00e8re du bois de Lalau","robots":{"index":"index","follow":"follow","max-snippet":"max-snippet:-1","max-image-preview":"max-image-preview:large","max-video-preview":"max-video-preview:-1"},"canonical":"https:\/\/www.pepiniere-boisdelalau.fr\/index.php\/calendrier\/foire-brocante-vide-grenier-buzet-sur-tarn\/","twitter_misc":{"Dur\u00e9e de lecture estim\u00e9e":"1 minute"},"schema":{"@context":"https:\/\/schema.org","@graph":[{"@type":"WebPage","@id":"https:\/\/www.pepiniere-boisdelalau.fr\/index.php\/calendrier\/foire-brocante-vide-grenier-buzet-sur-tarn\/","url":"https:\/\/www.pepiniere-boisdelalau.fr\/index.php\/calendrier\/foire-brocante-vide-grenier-buzet-sur-tarn\/","name":"Foire brocante\/vide grenier - Buzet sur Tarn - P\u00e9pini\u00e8re du bois de Lalau","isPartOf":{"@id":"https:\/\/www.pepiniere-boisdelalau.fr\/#website"},"primaryImageOfPage":{"@id":"https:\/\/www.pepiniere-boisdelalau.fr\/index.php\/calendrier\/foire-brocante-vide-grenier-buzet-sur-tarn\/#primaryimage"},"image":{"@id":"https:\/\/www.pepiniere-boisdelalau.fr\/index.php\/calendrier\/foire-brocante-vide-grenier-buzet-sur-tarn\/#primaryimage"},"thumbnailUrl":"https:\/\/brocabrac.fr\/cdn\/event\/photos\/22\/38\/22382013f284bdc3633b96dab849e290ec812bad2f3e703f0d018cc6789c11af-large.jpg","datePublished":"2025-03-14T14:53:12+00:00","dateModified":"2025-03-14T15:29:40+00:00","breadcrumb":{"@id":"https:\/\/www.pepiniere-boisdelalau.fr\/index.php\/calendrier\/foire-brocante-vide-grenier-buzet-sur-tarn\/#breadcrumb"},"inLanguage":"fr-FR","potentialAction":[{"@type":"ReadAction","target":["https:\/\/www.pepiniere-boisdelalau.fr\/index.php\/calendrier\/foire-brocante-vide-grenier-buzet-sur-tarn\/"]}]},{"@type":"ImageObject","inLanguage":"fr-FR","@id":"https:\/\/www.pepiniere-boisdelalau.fr\/index.php\/calendrier\/foire-brocante-vide-grenier-buzet-sur-tarn\/#primaryimage","url":"https:\/\/brocabrac.fr\/cdn\/event\/photos\/22\/38\/22382013f284bdc3633b96dab849e290ec812bad2f3e703f0d018cc6789c11af-large.jpg","contentUrl":"https:\/\/brocabrac.fr\/cdn\/event\/photos\/22\/38\/22382013f284bdc3633b96dab849e290ec812bad2f3e703f0d018cc6789c11af-large.jpg"},{"@type":"BreadcrumbList","@id":"https:\/\/www.pepiniere-boisdelalau.fr\/index.php\/calendrier\/foire-brocante-vide-grenier-buzet-sur-tarn\/#breadcrumb","itemListElement":[{"@type":"ListItem","position":1,"name":"Accueil","item":"https:\/\/www.pepiniere-boisdelalau.fr\/"},{"@type":"ListItem","position":2,"name":"\u00c9v\u00e8nements","item":"https:\/\/www.pepiniere-boisdelalau.fr\/index.php\/calendrier\/"},{"@type":"ListItem","position":3,"name":"Foire brocante\/vide grenier &#8211; Buzet sur Tarn"}]},{"@type":"WebSite","@id":"https:\/\/www.pepiniere-boisdelalau.fr\/#website","url":"https:\/\/www.pepiniere-boisdelalau.fr\/","name":"P\u00e9pini\u00e8re le bois de Lalau","description":"P\u00e9pini\u00e8riste paysan-producteur","publisher":{"@id":"https:\/\/www.pepiniere-boisdelalau.fr\/#organization"},"potentialAction":[{"@type":"SearchAction","target":{"@type":"EntryPoint","urlTemplate":"https:\/\/www.pepiniere-boisdelalau.fr\/?s={search_term_string}"},"query-input":{"@type":"PropertyValueSpecification","valueRequired":true,"valueName":"search_term_string"}}],"inLanguage":"fr-FR"},{"@type":"Organization","@id":"https:\/\/www.pepiniere-boisdelalau.fr\/#organization","name":"P\u00e9pini\u00e8re le bois de Lalau","url":"https:\/\/www.pepiniere-boisdelalau.fr\/","logo":{"@type":"ImageObject","inLanguage":"fr-FR","@id":"https:\/\/www.pepiniere-boisdelalau.fr\/#\/schema\/logo\/image\/","url":"","contentUrl":"","caption":"P\u00e9pini\u00e8re le bois de Lalau"},"image":{"@id":"https:\/\/www.pepiniere-boisdelalau.fr\/#\/schema\/logo\/image\/"},"sameAs":["https:\/\/www.facebook.com\/pepiniereboisdelalau"]}]}},"_links":{"self":[{"href":"https:\/\/www.pepiniere-boisdelalau.fr\/index.php\/wp-json\/wp\/v2\/tribe_events\/1619283","targetHints":{"allow":["GET"]}}],"collection":[{"href":"https:\/\/www.pepiniere-boisdelalau.fr\/index.php\/wp-json\/wp\/v2\/tribe_events"}],"about":[{"href":"https:\/\/www.pepiniere-boisdelalau.fr\/index.php\/wp-json\/wp\/v2\/types\/tribe_events"}],"author":[{"embeddable":true,"href":"https:\/\/www.pepiniere-boisdelalau.fr\/index.php\/wp-json\/wp\/v2\/users\/1"}],"version-history":[{"count":3,"href":"https:\/\/www.pepiniere-boisdelalau.fr\/index.php\/wp-json\/wp\/v2\/tribe_events\/1619283\/revisions"}],"predecessor-version":[{"id":1620109,"href":"https:\/\/www.pepiniere-boisdelalau.fr\/index.php\/wp-json\/wp\/v2\/tribe_events\/1619283\/revisions\/1620109"}],"wp:attachment":[{"href":"https:\/\/www.pepiniere-boisdelalau.fr\/index.php\/wp-json\/wp\/v2\/media?parent=1619283"}],"wp:term":[{"taxonomy":"post_tag","embeddable":true,"href":"https:\/\/www.pepiniere-boisdelalau.fr\/index.php\/wp-json\/wp\/v2\/tags?post=1619283"},{"taxonomy":"tribe_events_cat","embeddable":true,"href":"https:\/\/www.pepiniere-boisdelalau.fr\/index.php\/wp-json\/wp\/v2\/tribe_events_cat?post=1619283"}],"curies":[{"name":"wp","href":"https:\/\/api.w.org\/{rel}","templated":true}]}}

<p>Retrouvez-nous pour la foire brocante et vide grenier de Buzet sur Tarn, le samedi 22 et  dimanche 23 mars 2025 à partir de 8h30.</p>
<p style="text-align: center;"><img fetchpriority="high" decoding="async" class="alignnone size-full" src="https://brocabrac.fr/cdn/event/photos/22/38/22382013f284bdc3633b96dab849e290ec812bad2f3e703f0d018cc6789c11af-large.jpg" width="571" height="800" /></p>
<p style="text-align: center;"><iframe style="border: none; overflow: hidden;" src="https://www.facebook.com/plugins/post.php?href=https%3A%2F%2Fwww.facebook.com%2FfoiredeBuzetsurTarn%2Fposts%2Fpfbid0QPNVS3U8PX6a6gvA7jZnDw28oanrGm9hP66fmHKT4k4HTzNZQVpsak22Cpf83noHl&amp;width=750&amp;show_text=true&amp;height=653&amp;appId" width="750" height="653" frameborder="0" scrolling="no" allowfullscreen="allowfullscreen"></iframe></p>
<h3>Ils en parlent aussi &#8230;</h3>
<p style="text-align: center;"><a href="https://vide-greniers.org/31-Haute-Garonne/Buzet-sur-Tarn-31/foire-brocante-vide-grenier-buzet-tarn_408799252_12637193"><img decoding="async" class="alignnone" src="https://vide-greniers.org/images/theme/1/logo.png" alt="" width="356" height="80" /></a></p>
<p style="text-align: center;"><a href="https://brocabrac.fr/31/buzet-sur-tarn/1269078-foire-brocante-vide-grenier"><img decoding="async" class="alignnone wp-image-906388 size-full" src="https://www.pepiniere-boisdelalau.fr/wp-content/uploads/2024/04/Brocabrac.png" alt="" width="436" height="37" srcset="https://www.pepiniere-boisdelalau.fr/wp-content/uploads/2024/04/Brocabrac.png 436w, https://www.pepiniere-boisdelalau.fr/wp-content/uploads/2024/04/Brocabrac-300x25.png 300w" sizes="(max-width: 436px) 100vw, 436px" /></a></p>
<p style="text-align: center;"><a href="https://www.mairie-buzet-sur-tarn.fr/vie-associative/abc-association-des-parents-deleves"><img loading="lazy" decoding="async" class="alignnone" src="https://www.mairie-buzet-sur-tarn.fr/sites/mairie-buzet-sur-tarn.fr/themes/custom/buzetsurtarn/logo.svg" alt="" width="356" height="80" /></a></p>

<p>Retrouvez-nous pour la foire brocante et vide grenier de Buzet sur Tarn, le samedi 22 et  dimanche 23 mars 2025 à partir de 8h30. Ils en parlent aussi &#8230;</p>

<!-- This site is optimized with the Yoast SEO plugin v27.5 - https://yoast.com/product/yoast-seo-wordpress/ -->
<title>Foire brocante/vide grenier - Buzet sur Tarn - Pépinière du bois de Lalau</title>
<meta name="robots" content="index, follow, max-snippet:-1, max-image-preview:large, max-video-preview:-1" />
<link rel="canonical" href="https://www.pepiniere-boisdelalau.fr/index.php/calendrier/foire-brocante-vide-grenier-buzet-sur-tarn/" />
<meta name="twitter:label1" content="Durée de lecture estimée" />
	<meta name="twitter:data1" content="1 minute" />
<script type="application/ld+json" class="yoast-schema-graph">{"@context":"https:\/\/schema.org","@graph":[{"@type":"WebPage","@id":"https:\/\/www.pepiniere-boisdelalau.fr\/index.php\/calendrier\/foire-brocante-vide-grenier-buzet-sur-tarn\/","url":"https:\/\/www.pepiniere-boisdelalau.fr\/index.php\/calendrier\/foire-brocante-vide-grenier-buzet-sur-tarn\/","name":"Foire brocante\/vide grenier - Buzet sur Tarn - Pépinière du bois de Lalau","isPartOf":{"@id":"https:\/\/www.pepiniere-boisdelalau.fr\/#website"},"primaryImageOfPage":{"@id":"https:\/\/www.pepiniere-boisdelalau.fr\/index.php\/calendrier\/foire-brocante-vide-grenier-buzet-sur-tarn\/#primaryimage"},"image":{"@id":"https:\/\/www.pepiniere-boisdelalau.fr\/index.php\/calendrier\/foire-brocante-vide-grenier-buzet-sur-tarn\/#primaryimage"},"thumbnailUrl":"https:\/\/brocabrac.fr\/cdn\/event\/photos\/22\/38\/22382013f284bdc3633b96dab849e290ec812bad2f3e703f0d018cc6789c11af-large.jpg","datePublished":"2025-03-14T14:53:12+00:00","dateModified":"2025-03-14T15:29:40+00:00","breadcrumb":{"@id":"https:\/\/www.pepiniere-boisdelalau.fr\/index.php\/calendrier\/foire-brocante-vide-grenier-buzet-sur-tarn\/#breadcrumb"},"inLanguage":"fr-FR","potentialAction":[{"@type":"ReadAction","target":["https:\/\/www.pepiniere-boisdelalau.fr\/index.php\/calendrier\/foire-brocante-vide-grenier-buzet-sur-tarn\/"]}]},{"@type":"ImageObject","inLanguage":"fr-FR","@id":"https:\/\/www.pepiniere-boisdelalau.fr\/index.php\/calendrier\/foire-brocante-vide-grenier-buzet-sur-tarn\/#primaryimage","url":"https:\/\/brocabrac.fr\/cdn\/event\/photos\/22\/38\/22382013f284bdc3633b96dab849e290ec812bad2f3e703f0d018cc6789c11af-large.jpg","contentUrl":"https:\/\/brocabrac.fr\/cdn\/event\/photos\/22\/38\/22382013f284bdc3633b96dab849e290ec812bad2f3e703f0d018cc6789c11af-large.jpg"},{"@type":"BreadcrumbList","@id":"https:\/\/www.pepiniere-boisdelalau.fr\/index.php\/calendrier\/foire-brocante-vide-grenier-buzet-sur-tarn\/#breadcrumb","itemListElement":[{"@type":"ListItem","position":1,"name":"Accueil","item":"https:\/\/www.pepiniere-boisdelalau.fr\/"},{"@type":"ListItem","position":2,"name":"Évènements","item":"https:\/\/www.pepiniere-boisdelalau.fr\/index.php\/calendrier\/"},{"@type":"ListItem","position":3,"name":"Foire brocante\/vide grenier &#8211; Buzet sur Tarn"}]},{"@type":"WebSite","@id":"https:\/\/www.pepiniere-boisdelalau.fr\/#website","url":"https:\/\/www.pepiniere-boisdelalau.fr\/","name":"Pépinière le bois de Lalau","description":"Pépinièriste paysan-producteur","publisher":{"@id":"https:\/\/www.pepiniere-boisdelalau.fr\/#organization"},"potentialAction":[{"@type":"SearchAction","target":{"@type":"EntryPoint","urlTemplate":"https:\/\/www.pepiniere-boisdelalau.fr\/?s={search_term_string}"},"query-input":{"@type":"PropertyValueSpecification","valueRequired":true,"valueName":"search_term_string"}}],"inLanguage":"fr-FR"},{"@type":"Organization","@id":"https:\/\/www.pepiniere-boisdelalau.fr\/#organization","name":"Pépinière le bois de Lalau","url":"https:\/\/www.pepiniere-boisdelalau.fr\/","logo":{"@type":"ImageObject","inLanguage":"fr-FR","@id":"https:\/\/www.pepiniere-boisdelalau.fr\/#\/schema\/logo\/image\/","url":"","contentUrl":"","caption":"Pépinière le bois de Lalau"},"image":{"@id":"https:\/\/www.pepiniere-boisdelalau.fr\/#\/schema\/logo\/image\/"},"sameAs":["https:\/\/www.facebook.com\/pepiniereboisdelalau"]}]}</script>
<!-- / Yoast SEO plugin. -->

Foire brocante/vide grenier - Buzet sur Tarn - Pépinière du bois de Lalau

Évènements

Pépinière le bois de Lalau

Pépinièriste paysan-producteur
