{"id":1620656,"date":"2025-03-14T20:42:31","date_gmt":"2025-03-14T19:42:31","guid":{"rendered":"https:\/\/www.pepiniere-boisdelalau.fr\/?post_type=tribe_events&#038;p=1620656"},"modified":"2025-03-14T20:45:18","modified_gmt":"2025-03-14T19:45:18","slug":"floralies-montels","status":"publish","type":"tribe_events","link":"https:\/\/www.pepiniere-boisdelalau.fr\/index.php\/calendrier\/floralies-montels\/","title":{"rendered":"floralies &#8211; Montels"},"content":{"rendered":"<p style=\"text-align: left;\">Retrouvez-nous pour les floralies de Montels, le dimanche 23 mars 2025 \u00e0 partir de 8h30.<\/p>\n<p style=\"text-align: center;\"><img fetchpriority=\"high\" decoding=\"async\" class=\"alignnone\" src=\"https:\/\/labouture.fr\/images\/125dc8830afd89a8414e7277e4b9d221.png\" width=\"375\" height=\"530\" \/><\/p>\n<h3>Ils en parlent aussi &#8230;<\/h3>\n<p style=\"text-align: center;\"><a href=\"https:\/\/labouture.fr\/floralies-12859.html\"><img decoding=\"async\" class=\"alignnone\" src=\"https:\/\/labouture.fr\/infographie\/Des-Annonces-Nature-et-Jardin.png\" alt=\"\" width=\"226\" height=\"70\" \/><\/a><\/p>\n<p style=\"text-align: center;\">\u00a0\u00a0\u00a0 <a href=\"https:\/\/jardinage.lemonde.fr\/agenda-5787-2025-01-21.html\"><img decoding=\"async\" class=\"alignnone wp-image-408638\" src=\"https:\/\/www.pepiniere-boisdelalau.fr\/wp-content\/uploads\/2022\/09\/le-monde.png\" alt=\"\" width=\"221\" height=\"48\" \/><\/a> \u00a0 <a href=\"https:\/\/jardinage.lemonde.fr\/agenda-5787-2025-01-21.html\"><img loading=\"lazy\" decoding=\"async\" class=\"alignnone\" src=\"https:\/\/jardinage.lemonde.fr\/images\/site\/logo.png\" alt=\"\" width=\"255\" height=\"46\" \/><\/a><\/p>\n","protected":false},"excerpt":{"rendered":"<p>Retrouvez-nous pour les floralies de Montels, le dimanche 23 mars 2025 \u00e0 partir de 8h30. Ils en parlent aussi &#8230; \u00a0\u00a0\u00a0 \u00a0<\/p>\n","protected":false},"author":1,"featured_media":0,"template":"","meta":{"inline_featured_image":false,"_themeisle_gutenberg_block_has_review":false,"_tribe_events_status":"","_tribe_events_status_reason":"","footnotes":""},"tags":[],"tribe_events_cat":[],"class_list":["post-1620656","tribe_events","type-tribe_events","status-publish","hentry"],"yoast_head":"<!-- This site is optimized with the Yoast SEO plugin v27.5 - https:\/\/yoast.com\/product\/yoast-seo-wordpress\/ -->\n<title>floralies - Montels - P\u00e9pini\u00e8re du bois de Lalau<\/title>\n<meta name=\"robots\" content=\"index, follow, max-snippet:-1, max-image-preview:large, max-video-preview:-1\" \/>\n<link rel=\"canonical\" href=\"https:\/\/www.pepiniere-boisdelalau.fr\/index.php\/calendrier\/floralies-montels\/\" \/>\n<meta name=\"twitter:label1\" content=\"Dur\u00e9e de lecture estim\u00e9e\" \/>\n\t<meta name=\"twitter:data1\" content=\"1 minute\" \/>\n<script type=\"application\/ld+json\" class=\"yoast-schema-graph\">{\"@context\":\"https:\\\/\\\/schema.org\",\"@graph\":[{\"@type\":\"WebPage\",\"@id\":\"https:\\\/\\\/www.pepiniere-boisdelalau.fr\\\/index.php\\\/calendrier\\\/floralies-montels\\\/\",\"url\":\"https:\\\/\\\/www.pepiniere-boisdelalau.fr\\\/index.php\\\/calendrier\\\/floralies-montels\\\/\",\"name\":\"floralies - Montels - P\u00e9pini\u00e8re du bois de Lalau\",\"isPartOf\":{\"@id\":\"https:\\\/\\\/www.pepiniere-boisdelalau.fr\\\/#website\"},\"primaryImageOfPage\":{\"@id\":\"https:\\\/\\\/www.pepiniere-boisdelalau.fr\\\/index.php\\\/calendrier\\\/floralies-montels\\\/#primaryimage\"},\"image\":{\"@id\":\"https:\\\/\\\/www.pepiniere-boisdelalau.fr\\\/index.php\\\/calendrier\\\/floralies-montels\\\/#primaryimage\"},\"thumbnailUrl\":\"https:\\\/\\\/labouture.fr\\\/images\\\/125dc8830afd89a8414e7277e4b9d221.png\",\"datePublished\":\"2025-03-14T19:42:31+00:00\",\"dateModified\":\"2025-03-14T19:45:18+00:00\",\"breadcrumb\":{\"@id\":\"https:\\\/\\\/www.pepiniere-boisdelalau.fr\\\/index.php\\\/calendrier\\\/floralies-montels\\\/#breadcrumb\"},\"inLanguage\":\"fr-FR\",\"potentialAction\":[{\"@type\":\"ReadAction\",\"target\":[\"https:\\\/\\\/www.pepiniere-boisdelalau.fr\\\/index.php\\\/calendrier\\\/floralies-montels\\\/\"]}]},{\"@type\":\"ImageObject\",\"inLanguage\":\"fr-FR\",\"@id\":\"https:\\\/\\\/www.pepiniere-boisdelalau.fr\\\/index.php\\\/calendrier\\\/floralies-montels\\\/#primaryimage\",\"url\":\"https:\\\/\\\/labouture.fr\\\/images\\\/125dc8830afd89a8414e7277e4b9d221.png\",\"contentUrl\":\"https:\\\/\\\/labouture.fr\\\/images\\\/125dc8830afd89a8414e7277e4b9d221.png\"},{\"@type\":\"BreadcrumbList\",\"@id\":\"https:\\\/\\\/www.pepiniere-boisdelalau.fr\\\/index.php\\\/calendrier\\\/floralies-montels\\\/#breadcrumb\",\"itemListElement\":[{\"@type\":\"ListItem\",\"position\":1,\"name\":\"Accueil\",\"item\":\"https:\\\/\\\/www.pepiniere-boisdelalau.fr\\\/\"},{\"@type\":\"ListItem\",\"position\":2,\"name\":\"\u00c9v\u00e8nements\",\"item\":\"https:\\\/\\\/www.pepiniere-boisdelalau.fr\\\/index.php\\\/calendrier\\\/\"},{\"@type\":\"ListItem\",\"position\":3,\"name\":\"floralies &#8211; Montels\"}]},{\"@type\":\"WebSite\",\"@id\":\"https:\\\/\\\/www.pepiniere-boisdelalau.fr\\\/#website\",\"url\":\"https:\\\/\\\/www.pepiniere-boisdelalau.fr\\\/\",\"name\":\"P\u00e9pini\u00e8re le bois de Lalau\",\"description\":\"P\u00e9pini\u00e8riste paysan-producteur\",\"publisher\":{\"@id\":\"https:\\\/\\\/www.pepiniere-boisdelalau.fr\\\/#organization\"},\"potentialAction\":[{\"@type\":\"SearchAction\",\"target\":{\"@type\":\"EntryPoint\",\"urlTemplate\":\"https:\\\/\\\/www.pepiniere-boisdelalau.fr\\\/?s={search_term_string}\"},\"query-input\":{\"@type\":\"PropertyValueSpecification\",\"valueRequired\":true,\"valueName\":\"search_term_string\"}}],\"inLanguage\":\"fr-FR\"},{\"@type\":\"Organization\",\"@id\":\"https:\\\/\\\/www.pepiniere-boisdelalau.fr\\\/#organization\",\"name\":\"P\u00e9pini\u00e8re le bois de Lalau\",\"url\":\"https:\\\/\\\/www.pepiniere-boisdelalau.fr\\\/\",\"logo\":{\"@type\":\"ImageObject\",\"inLanguage\":\"fr-FR\",\"@id\":\"https:\\\/\\\/www.pepiniere-boisdelalau.fr\\\/#\\\/schema\\\/logo\\\/image\\\/\",\"url\":\"\",\"contentUrl\":\"\",\"caption\":\"P\u00e9pini\u00e8re le bois de Lalau\"},\"image\":{\"@id\":\"https:\\\/\\\/www.pepiniere-boisdelalau.fr\\\/#\\\/schema\\\/logo\\\/image\\\/\"},\"sameAs\":[\"https:\\\/\\\/www.facebook.com\\\/pepiniereboisdelalau\"]}]}<\/script>\n<!-- \/ Yoast SEO plugin. -->","yoast_head_json":{"title":"floralies - Montels - P\u00e9pini\u00e8re du bois de Lalau","robots":{"index":"index","follow":"follow","max-snippet":"max-snippet:-1","max-image-preview":"max-image-preview:large","max-video-preview":"max-video-preview:-1"},"canonical":"https:\/\/www.pepiniere-boisdelalau.fr\/index.php\/calendrier\/floralies-montels\/","twitter_misc":{"Dur\u00e9e de lecture estim\u00e9e":"1 minute"},"schema":{"@context":"https:\/\/schema.org","@graph":[{"@type":"WebPage","@id":"https:\/\/www.pepiniere-boisdelalau.fr\/index.php\/calendrier\/floralies-montels\/","url":"https:\/\/www.pepiniere-boisdelalau.fr\/index.php\/calendrier\/floralies-montels\/","name":"floralies - Montels - P\u00e9pini\u00e8re du bois de Lalau","isPartOf":{"@id":"https:\/\/www.pepiniere-boisdelalau.fr\/#website"},"primaryImageOfPage":{"@id":"https:\/\/www.pepiniere-boisdelalau.fr\/index.php\/calendrier\/floralies-montels\/#primaryimage"},"image":{"@id":"https:\/\/www.pepiniere-boisdelalau.fr\/index.php\/calendrier\/floralies-montels\/#primaryimage"},"thumbnailUrl":"https:\/\/labouture.fr\/images\/125dc8830afd89a8414e7277e4b9d221.png","datePublished":"2025-03-14T19:42:31+00:00","dateModified":"2025-03-14T19:45:18+00:00","breadcrumb":{"@id":"https:\/\/www.pepiniere-boisdelalau.fr\/index.php\/calendrier\/floralies-montels\/#breadcrumb"},"inLanguage":"fr-FR","potentialAction":[{"@type":"ReadAction","target":["https:\/\/www.pepiniere-boisdelalau.fr\/index.php\/calendrier\/floralies-montels\/"]}]},{"@type":"ImageObject","inLanguage":"fr-FR","@id":"https:\/\/www.pepiniere-boisdelalau.fr\/index.php\/calendrier\/floralies-montels\/#primaryimage","url":"https:\/\/labouture.fr\/images\/125dc8830afd89a8414e7277e4b9d221.png","contentUrl":"https:\/\/labouture.fr\/images\/125dc8830afd89a8414e7277e4b9d221.png"},{"@type":"BreadcrumbList","@id":"https:\/\/www.pepiniere-boisdelalau.fr\/index.php\/calendrier\/floralies-montels\/#breadcrumb","itemListElement":[{"@type":"ListItem","position":1,"name":"Accueil","item":"https:\/\/www.pepiniere-boisdelalau.fr\/"},{"@type":"ListItem","position":2,"name":"\u00c9v\u00e8nements","item":"https:\/\/www.pepiniere-boisdelalau.fr\/index.php\/calendrier\/"},{"@type":"ListItem","position":3,"name":"floralies &#8211; Montels"}]},{"@type":"WebSite","@id":"https:\/\/www.pepiniere-boisdelalau.fr\/#website","url":"https:\/\/www.pepiniere-boisdelalau.fr\/","name":"P\u00e9pini\u00e8re le bois de Lalau","description":"P\u00e9pini\u00e8riste paysan-producteur","publisher":{"@id":"https:\/\/www.pepiniere-boisdelalau.fr\/#organization"},"potentialAction":[{"@type":"SearchAction","target":{"@type":"EntryPoint","urlTemplate":"https:\/\/www.pepiniere-boisdelalau.fr\/?s={search_term_string}"},"query-input":{"@type":"PropertyValueSpecification","valueRequired":true,"valueName":"search_term_string"}}],"inLanguage":"fr-FR"},{"@type":"Organization","@id":"https:\/\/www.pepiniere-boisdelalau.fr\/#organization","name":"P\u00e9pini\u00e8re le bois de Lalau","url":"https:\/\/www.pepiniere-boisdelalau.fr\/","logo":{"@type":"ImageObject","inLanguage":"fr-FR","@id":"https:\/\/www.pepiniere-boisdelalau.fr\/#\/schema\/logo\/image\/","url":"","contentUrl":"","caption":"P\u00e9pini\u00e8re le bois de Lalau"},"image":{"@id":"https:\/\/www.pepiniere-boisdelalau.fr\/#\/schema\/logo\/image\/"},"sameAs":["https:\/\/www.facebook.com\/pepiniereboisdelalau"]}]}},"_links":{"self":[{"href":"https:\/\/www.pepiniere-boisdelalau.fr\/index.php\/wp-json\/wp\/v2\/tribe_events\/1620656","targetHints":{"allow":["GET"]}}],"collection":[{"href":"https:\/\/www.pepiniere-boisdelalau.fr\/index.php\/wp-json\/wp\/v2\/tribe_events"}],"about":[{"href":"https:\/\/www.pepiniere-boisdelalau.fr\/index.php\/wp-json\/wp\/v2\/types\/tribe_events"}],"author":[{"embeddable":true,"href":"https:\/\/www.pepiniere-boisdelalau.fr\/index.php\/wp-json\/wp\/v2\/users\/1"}],"version-history":[{"count":3,"href":"https:\/\/www.pepiniere-boisdelalau.fr\/index.php\/wp-json\/wp\/v2\/tribe_events\/1620656\/revisions"}],"predecessor-version":[{"id":1620701,"href":"https:\/\/www.pepiniere-boisdelalau.fr\/index.php\/wp-json\/wp\/v2\/tribe_events\/1620656\/revisions\/1620701"}],"wp:attachment":[{"href":"https:\/\/www.pepiniere-boisdelalau.fr\/index.php\/wp-json\/wp\/v2\/media?parent=1620656"}],"wp:term":[{"taxonomy":"post_tag","embeddable":true,"href":"https:\/\/www.pepiniere-boisdelalau.fr\/index.php\/wp-json\/wp\/v2\/tags?post=1620656"},{"taxonomy":"tribe_events_cat","embeddable":true,"href":"https:\/\/www.pepiniere-boisdelalau.fr\/index.php\/wp-json\/wp\/v2\/tribe_events_cat?post=1620656"}],"curies":[{"name":"wp","href":"https:\/\/api.w.org\/{rel}","templated":true}]}}

<p style="text-align: left;">Retrouvez-nous pour les floralies de Montels, le dimanche 23 mars 2025 à partir de 8h30.</p>
<p style="text-align: center;"><img fetchpriority="high" decoding="async" class="alignnone" src="https://labouture.fr/images/125dc8830afd89a8414e7277e4b9d221.png" width="375" height="530" /></p>
<h3>Ils en parlent aussi &#8230;</h3>
<p style="text-align: center;"><a href="https://labouture.fr/floralies-12859.html"><img decoding="async" class="alignnone" src="https://labouture.fr/infographie/Des-Annonces-Nature-et-Jardin.png" alt="" width="226" height="70" /></a></p>
<p style="text-align: center;">    <a href="https://jardinage.lemonde.fr/agenda-5787-2025-01-21.html"><img decoding="async" class="alignnone wp-image-408638" src="https://www.pepiniere-boisdelalau.fr/wp-content/uploads/2022/09/le-monde.png" alt="" width="221" height="48" /></a>   <a href="https://jardinage.lemonde.fr/agenda-5787-2025-01-21.html"><img loading="lazy" decoding="async" class="alignnone" src="https://jardinage.lemonde.fr/images/site/logo.png" alt="" width="255" height="46" /></a></p>

<p>Retrouvez-nous pour les floralies de Montels, le dimanche 23 mars 2025 à partir de 8h30. Ils en parlent aussi &#8230;      </p>

<!-- This site is optimized with the Yoast SEO plugin v27.5 - https://yoast.com/product/yoast-seo-wordpress/ -->
<title>floralies - Montels - Pépinière du bois de Lalau</title>
<meta name="robots" content="index, follow, max-snippet:-1, max-image-preview:large, max-video-preview:-1" />
<link rel="canonical" href="https://www.pepiniere-boisdelalau.fr/index.php/calendrier/floralies-montels/" />
<meta name="twitter:label1" content="Durée de lecture estimée" />
	<meta name="twitter:data1" content="1 minute" />
<script type="application/ld+json" class="yoast-schema-graph">{"@context":"https:\/\/schema.org","@graph":[{"@type":"WebPage","@id":"https:\/\/www.pepiniere-boisdelalau.fr\/index.php\/calendrier\/floralies-montels\/","url":"https:\/\/www.pepiniere-boisdelalau.fr\/index.php\/calendrier\/floralies-montels\/","name":"floralies - Montels - Pépinière du bois de Lalau","isPartOf":{"@id":"https:\/\/www.pepiniere-boisdelalau.fr\/#website"},"primaryImageOfPage":{"@id":"https:\/\/www.pepiniere-boisdelalau.fr\/index.php\/calendrier\/floralies-montels\/#primaryimage"},"image":{"@id":"https:\/\/www.pepiniere-boisdelalau.fr\/index.php\/calendrier\/floralies-montels\/#primaryimage"},"thumbnailUrl":"https:\/\/labouture.fr\/images\/125dc8830afd89a8414e7277e4b9d221.png","datePublished":"2025-03-14T19:42:31+00:00","dateModified":"2025-03-14T19:45:18+00:00","breadcrumb":{"@id":"https:\/\/www.pepiniere-boisdelalau.fr\/index.php\/calendrier\/floralies-montels\/#breadcrumb"},"inLanguage":"fr-FR","potentialAction":[{"@type":"ReadAction","target":["https:\/\/www.pepiniere-boisdelalau.fr\/index.php\/calendrier\/floralies-montels\/"]}]},{"@type":"ImageObject","inLanguage":"fr-FR","@id":"https:\/\/www.pepiniere-boisdelalau.fr\/index.php\/calendrier\/floralies-montels\/#primaryimage","url":"https:\/\/labouture.fr\/images\/125dc8830afd89a8414e7277e4b9d221.png","contentUrl":"https:\/\/labouture.fr\/images\/125dc8830afd89a8414e7277e4b9d221.png"},{"@type":"BreadcrumbList","@id":"https:\/\/www.pepiniere-boisdelalau.fr\/index.php\/calendrier\/floralies-montels\/#breadcrumb","itemListElement":[{"@type":"ListItem","position":1,"name":"Accueil","item":"https:\/\/www.pepiniere-boisdelalau.fr\/"},{"@type":"ListItem","position":2,"name":"Évènements","item":"https:\/\/www.pepiniere-boisdelalau.fr\/index.php\/calendrier\/"},{"@type":"ListItem","position":3,"name":"floralies &#8211; Montels"}]},{"@type":"WebSite","@id":"https:\/\/www.pepiniere-boisdelalau.fr\/#website","url":"https:\/\/www.pepiniere-boisdelalau.fr\/","name":"Pépinière le bois de Lalau","description":"Pépinièriste paysan-producteur","publisher":{"@id":"https:\/\/www.pepiniere-boisdelalau.fr\/#organization"},"potentialAction":[{"@type":"SearchAction","target":{"@type":"EntryPoint","urlTemplate":"https:\/\/www.pepiniere-boisdelalau.fr\/?s={search_term_string}"},"query-input":{"@type":"PropertyValueSpecification","valueRequired":true,"valueName":"search_term_string"}}],"inLanguage":"fr-FR"},{"@type":"Organization","@id":"https:\/\/www.pepiniere-boisdelalau.fr\/#organization","name":"Pépinière le bois de Lalau","url":"https:\/\/www.pepiniere-boisdelalau.fr\/","logo":{"@type":"ImageObject","inLanguage":"fr-FR","@id":"https:\/\/www.pepiniere-boisdelalau.fr\/#\/schema\/logo\/image\/","url":"","contentUrl":"","caption":"Pépinière le bois de Lalau"},"image":{"@id":"https:\/\/www.pepiniere-boisdelalau.fr\/#\/schema\/logo\/image\/"},"sameAs":["https:\/\/www.facebook.com\/pepiniereboisdelalau"]}]}</script>
<!-- / Yoast SEO plugin. -->

floralies - Montels - Pépinière du bois de Lalau

Évènements

Pépinière le bois de Lalau

Pépinièriste paysan-producteur
