{"id":2216340,"date":"2025-10-21T18:00:06","date_gmt":"2025-10-21T16:00:06","guid":{"rendered":"https:\/\/www.pepiniere-boisdelalau.fr\/?post_type=tribe_events&#038;p=2216340"},"modified":"2025-10-21T18:00:06","modified_gmt":"2025-10-21T16:00:06","slug":"foire-de-la-chataigne-laguepie","status":"publish","type":"tribe_events","link":"https:\/\/www.pepiniere-boisdelalau.fr\/index.php\/calendrier\/foire-de-la-chataigne-laguepie\/","title":{"rendered":"Foire de la ch\u00e2taigne &#8211; Lagu\u00e9pie"},"content":{"rendered":"<p>Retrouvez nous pour la foire de la ch\u00e2taigne \u00e0 Lagu\u00e9pie, le dimanche 26 octobre 2025 \u00e0 partir de 8h30.<\/p>\n<p style=\"text-align: center;\">\n<p>Plus d&rsquo;information sur <a href=\"https:\/\/www.laguepie.fr\/details-agenda\/news\/fete-de-la-chataigne-et-de-lartisanat\/?tx_news_pi1%5Bcontroller%5D=News&amp;tx_news_pi1%5Baction%5D=detail&amp;cHash=243c7d728207b3e77ec3c893fa360aea\">laguepie.fr<\/a><\/p>\n<p>Ils en parlent aussi &#8230;<\/p>\n<p style=\"text-align: center;\"><a href=\"https:\/\/www.ladepeche.fr\/2025\/10\/15\/la-chataigne-a-lhonneur-12992899.php\"><img decoding=\"async\" class=\"alignnone\" src=\"https:\/\/assets.ladepeche.fr\/img\/logos\/logo.svg?401462f6\" alt=\"\" width=\"289\" height=\"89\" \/><\/a><\/p>\n<p style=\"text-align: center;\"><a href=\"https:\/\/www.lepetitjournal.net\/46-lot\/2025\/10\/21\/fete-chataigne-et-artisanat\/\"><img decoding=\"async\" class=\"alignnone wp-image-224747 size-full\" src=\"https:\/\/www.pepiniere-boisdelalau.fr\/wp-content\/uploads\/2021\/10\/Sans-titre.png\" alt=\"\" width=\"244\" height=\"103\" \/><\/a><\/p>\n<p style=\"text-align: center;\"><a href=\"https:\/\/www.tourisme-tarnetgaronne.fr\/bouger\/grands-rendez-vous\/foire-a-la-chataigne-laguepie\/\"><img decoding=\"async\" class=\"alignnone\" src=\"https:\/\/woody.cloudly.space\/app\/themes\/tarnetgaronne\/logo_tg.svg\" alt=\"\" width=\"158\" height=\"55\" \/><\/a><\/p>\n<p style=\"text-align: center;\">\n","protected":false},"excerpt":{"rendered":"<p>Retrouvez nous pour la foire de la ch\u00e2taigne \u00e0 Lagu\u00e9pie, le dimanche 26 octobre 2025 \u00e0 partir de 8h30. Plus d&rsquo;information sur laguepie.fr Ils en parlent aussi &#8230;<\/p>\n","protected":false},"author":1,"featured_media":0,"template":"","meta":{"inline_featured_image":false,"_themeisle_gutenberg_block_has_review":false,"_tribe_events_status":"","_tribe_events_status_reason":"","footnotes":""},"tags":[],"tribe_events_cat":[],"class_list":["post-2216340","tribe_events","type-tribe_events","status-publish","hentry"],"yoast_head":"<!-- This site is optimized with the Yoast SEO plugin v27.5 - https:\/\/yoast.com\/product\/yoast-seo-wordpress\/ -->\n<title>Foire de la ch\u00e2taigne - Lagu\u00e9pie - P\u00e9pini\u00e8re du bois de Lalau<\/title>\n<meta name=\"robots\" content=\"index, follow, max-snippet:-1, max-image-preview:large, max-video-preview:-1\" \/>\n<link rel=\"canonical\" href=\"https:\/\/www.pepiniere-boisdelalau.fr\/index.php\/calendrier\/foire-de-la-chataigne-laguepie\/\" \/>\n<meta name=\"twitter:label1\" content=\"Dur\u00e9e de lecture estim\u00e9e\" \/>\n\t<meta name=\"twitter:data1\" content=\"1 minute\" \/>\n<script type=\"application\/ld+json\" class=\"yoast-schema-graph\">{\"@context\":\"https:\\\/\\\/schema.org\",\"@graph\":[{\"@type\":\"WebPage\",\"@id\":\"https:\\\/\\\/www.pepiniere-boisdelalau.fr\\\/index.php\\\/calendrier\\\/foire-de-la-chataigne-laguepie\\\/\",\"url\":\"https:\\\/\\\/www.pepiniere-boisdelalau.fr\\\/index.php\\\/calendrier\\\/foire-de-la-chataigne-laguepie\\\/\",\"name\":\"Foire de la ch\u00e2taigne - Lagu\u00e9pie - P\u00e9pini\u00e8re du bois de Lalau\",\"isPartOf\":{\"@id\":\"https:\\\/\\\/www.pepiniere-boisdelalau.fr\\\/#website\"},\"primaryImageOfPage\":{\"@id\":\"https:\\\/\\\/www.pepiniere-boisdelalau.fr\\\/index.php\\\/calendrier\\\/foire-de-la-chataigne-laguepie\\\/#primaryimage\"},\"image\":{\"@id\":\"https:\\\/\\\/www.pepiniere-boisdelalau.fr\\\/index.php\\\/calendrier\\\/foire-de-la-chataigne-laguepie\\\/#primaryimage\"},\"thumbnailUrl\":\"https:\\\/\\\/assets.ladepeche.fr\\\/img\\\/logos\\\/logo.svg?401462f6\",\"datePublished\":\"2025-10-21T16:00:06+00:00\",\"breadcrumb\":{\"@id\":\"https:\\\/\\\/www.pepiniere-boisdelalau.fr\\\/index.php\\\/calendrier\\\/foire-de-la-chataigne-laguepie\\\/#breadcrumb\"},\"inLanguage\":\"fr-FR\",\"potentialAction\":[{\"@type\":\"ReadAction\",\"target\":[\"https:\\\/\\\/www.pepiniere-boisdelalau.fr\\\/index.php\\\/calendrier\\\/foire-de-la-chataigne-laguepie\\\/\"]}]},{\"@type\":\"ImageObject\",\"inLanguage\":\"fr-FR\",\"@id\":\"https:\\\/\\\/www.pepiniere-boisdelalau.fr\\\/index.php\\\/calendrier\\\/foire-de-la-chataigne-laguepie\\\/#primaryimage\",\"url\":\"https:\\\/\\\/assets.ladepeche.fr\\\/img\\\/logos\\\/logo.svg?401462f6\",\"contentUrl\":\"https:\\\/\\\/assets.ladepeche.fr\\\/img\\\/logos\\\/logo.svg?401462f6\"},{\"@type\":\"BreadcrumbList\",\"@id\":\"https:\\\/\\\/www.pepiniere-boisdelalau.fr\\\/index.php\\\/calendrier\\\/foire-de-la-chataigne-laguepie\\\/#breadcrumb\",\"itemListElement\":[{\"@type\":\"ListItem\",\"position\":1,\"name\":\"Accueil\",\"item\":\"https:\\\/\\\/www.pepiniere-boisdelalau.fr\\\/\"},{\"@type\":\"ListItem\",\"position\":2,\"name\":\"\u00c9v\u00e8nements\",\"item\":\"https:\\\/\\\/www.pepiniere-boisdelalau.fr\\\/index.php\\\/calendrier\\\/\"},{\"@type\":\"ListItem\",\"position\":3,\"name\":\"Foire de la ch\u00e2taigne &#8211; Lagu\u00e9pie\"}]},{\"@type\":\"WebSite\",\"@id\":\"https:\\\/\\\/www.pepiniere-boisdelalau.fr\\\/#website\",\"url\":\"https:\\\/\\\/www.pepiniere-boisdelalau.fr\\\/\",\"name\":\"P\u00e9pini\u00e8re le bois de Lalau\",\"description\":\"P\u00e9pini\u00e8riste paysan-producteur\",\"publisher\":{\"@id\":\"https:\\\/\\\/www.pepiniere-boisdelalau.fr\\\/#organization\"},\"potentialAction\":[{\"@type\":\"SearchAction\",\"target\":{\"@type\":\"EntryPoint\",\"urlTemplate\":\"https:\\\/\\\/www.pepiniere-boisdelalau.fr\\\/?s={search_term_string}\"},\"query-input\":{\"@type\":\"PropertyValueSpecification\",\"valueRequired\":true,\"valueName\":\"search_term_string\"}}],\"inLanguage\":\"fr-FR\"},{\"@type\":\"Organization\",\"@id\":\"https:\\\/\\\/www.pepiniere-boisdelalau.fr\\\/#organization\",\"name\":\"P\u00e9pini\u00e8re le bois de Lalau\",\"url\":\"https:\\\/\\\/www.pepiniere-boisdelalau.fr\\\/\",\"logo\":{\"@type\":\"ImageObject\",\"inLanguage\":\"fr-FR\",\"@id\":\"https:\\\/\\\/www.pepiniere-boisdelalau.fr\\\/#\\\/schema\\\/logo\\\/image\\\/\",\"url\":\"\",\"contentUrl\":\"\",\"caption\":\"P\u00e9pini\u00e8re le bois de Lalau\"},\"image\":{\"@id\":\"https:\\\/\\\/www.pepiniere-boisdelalau.fr\\\/#\\\/schema\\\/logo\\\/image\\\/\"},\"sameAs\":[\"https:\\\/\\\/www.facebook.com\\\/pepiniereboisdelalau\"]}]}<\/script>\n<!-- \/ Yoast SEO plugin. -->","yoast_head_json":{"title":"Foire de la ch\u00e2taigne - Lagu\u00e9pie - P\u00e9pini\u00e8re du bois de Lalau","robots":{"index":"index","follow":"follow","max-snippet":"max-snippet:-1","max-image-preview":"max-image-preview:large","max-video-preview":"max-video-preview:-1"},"canonical":"https:\/\/www.pepiniere-boisdelalau.fr\/index.php\/calendrier\/foire-de-la-chataigne-laguepie\/","twitter_misc":{"Dur\u00e9e de lecture estim\u00e9e":"1 minute"},"schema":{"@context":"https:\/\/schema.org","@graph":[{"@type":"WebPage","@id":"https:\/\/www.pepiniere-boisdelalau.fr\/index.php\/calendrier\/foire-de-la-chataigne-laguepie\/","url":"https:\/\/www.pepiniere-boisdelalau.fr\/index.php\/calendrier\/foire-de-la-chataigne-laguepie\/","name":"Foire de la ch\u00e2taigne - Lagu\u00e9pie - P\u00e9pini\u00e8re du bois de Lalau","isPartOf":{"@id":"https:\/\/www.pepiniere-boisdelalau.fr\/#website"},"primaryImageOfPage":{"@id":"https:\/\/www.pepiniere-boisdelalau.fr\/index.php\/calendrier\/foire-de-la-chataigne-laguepie\/#primaryimage"},"image":{"@id":"https:\/\/www.pepiniere-boisdelalau.fr\/index.php\/calendrier\/foire-de-la-chataigne-laguepie\/#primaryimage"},"thumbnailUrl":"https:\/\/assets.ladepeche.fr\/img\/logos\/logo.svg?401462f6","datePublished":"2025-10-21T16:00:06+00:00","breadcrumb":{"@id":"https:\/\/www.pepiniere-boisdelalau.fr\/index.php\/calendrier\/foire-de-la-chataigne-laguepie\/#breadcrumb"},"inLanguage":"fr-FR","potentialAction":[{"@type":"ReadAction","target":["https:\/\/www.pepiniere-boisdelalau.fr\/index.php\/calendrier\/foire-de-la-chataigne-laguepie\/"]}]},{"@type":"ImageObject","inLanguage":"fr-FR","@id":"https:\/\/www.pepiniere-boisdelalau.fr\/index.php\/calendrier\/foire-de-la-chataigne-laguepie\/#primaryimage","url":"https:\/\/assets.ladepeche.fr\/img\/logos\/logo.svg?401462f6","contentUrl":"https:\/\/assets.ladepeche.fr\/img\/logos\/logo.svg?401462f6"},{"@type":"BreadcrumbList","@id":"https:\/\/www.pepiniere-boisdelalau.fr\/index.php\/calendrier\/foire-de-la-chataigne-laguepie\/#breadcrumb","itemListElement":[{"@type":"ListItem","position":1,"name":"Accueil","item":"https:\/\/www.pepiniere-boisdelalau.fr\/"},{"@type":"ListItem","position":2,"name":"\u00c9v\u00e8nements","item":"https:\/\/www.pepiniere-boisdelalau.fr\/index.php\/calendrier\/"},{"@type":"ListItem","position":3,"name":"Foire de la ch\u00e2taigne &#8211; Lagu\u00e9pie"}]},{"@type":"WebSite","@id":"https:\/\/www.pepiniere-boisdelalau.fr\/#website","url":"https:\/\/www.pepiniere-boisdelalau.fr\/","name":"P\u00e9pini\u00e8re le bois de Lalau","description":"P\u00e9pini\u00e8riste paysan-producteur","publisher":{"@id":"https:\/\/www.pepiniere-boisdelalau.fr\/#organization"},"potentialAction":[{"@type":"SearchAction","target":{"@type":"EntryPoint","urlTemplate":"https:\/\/www.pepiniere-boisdelalau.fr\/?s={search_term_string}"},"query-input":{"@type":"PropertyValueSpecification","valueRequired":true,"valueName":"search_term_string"}}],"inLanguage":"fr-FR"},{"@type":"Organization","@id":"https:\/\/www.pepiniere-boisdelalau.fr\/#organization","name":"P\u00e9pini\u00e8re le bois de Lalau","url":"https:\/\/www.pepiniere-boisdelalau.fr\/","logo":{"@type":"ImageObject","inLanguage":"fr-FR","@id":"https:\/\/www.pepiniere-boisdelalau.fr\/#\/schema\/logo\/image\/","url":"","contentUrl":"","caption":"P\u00e9pini\u00e8re le bois de Lalau"},"image":{"@id":"https:\/\/www.pepiniere-boisdelalau.fr\/#\/schema\/logo\/image\/"},"sameAs":["https:\/\/www.facebook.com\/pepiniereboisdelalau"]}]}},"_links":{"self":[{"href":"https:\/\/www.pepiniere-boisdelalau.fr\/index.php\/wp-json\/wp\/v2\/tribe_events\/2216340","targetHints":{"allow":["GET"]}}],"collection":[{"href":"https:\/\/www.pepiniere-boisdelalau.fr\/index.php\/wp-json\/wp\/v2\/tribe_events"}],"about":[{"href":"https:\/\/www.pepiniere-boisdelalau.fr\/index.php\/wp-json\/wp\/v2\/types\/tribe_events"}],"author":[{"embeddable":true,"href":"https:\/\/www.pepiniere-boisdelalau.fr\/index.php\/wp-json\/wp\/v2\/users\/1"}],"version-history":[{"count":1,"href":"https:\/\/www.pepiniere-boisdelalau.fr\/index.php\/wp-json\/wp\/v2\/tribe_events\/2216340\/revisions"}],"predecessor-version":[{"id":2216464,"href":"https:\/\/www.pepiniere-boisdelalau.fr\/index.php\/wp-json\/wp\/v2\/tribe_events\/2216340\/revisions\/2216464"}],"wp:attachment":[{"href":"https:\/\/www.pepiniere-boisdelalau.fr\/index.php\/wp-json\/wp\/v2\/media?parent=2216340"}],"wp:term":[{"taxonomy":"post_tag","embeddable":true,"href":"https:\/\/www.pepiniere-boisdelalau.fr\/index.php\/wp-json\/wp\/v2\/tags?post=2216340"},{"taxonomy":"tribe_events_cat","embeddable":true,"href":"https:\/\/www.pepiniere-boisdelalau.fr\/index.php\/wp-json\/wp\/v2\/tribe_events_cat?post=2216340"}],"curies":[{"name":"wp","href":"https:\/\/api.w.org\/{rel}","templated":true}]}}

Foire de la châtaigne &#8211; Laguépie

<p>Retrouvez nous pour la foire de la châtaigne à Laguépie, le dimanche 26 octobre 2025 à partir de 8h30.</p>
<p style="text-align: center;">
<p>Plus d&rsquo;information sur <a href="https://www.laguepie.fr/details-agenda/news/fete-de-la-chataigne-et-de-lartisanat/?tx_news_pi1%5Bcontroller%5D=News&amp;tx_news_pi1%5Baction%5D=detail&amp;cHash=243c7d728207b3e77ec3c893fa360aea">laguepie.fr</a></p>
<p>Ils en parlent aussi &#8230;</p>
<p style="text-align: center;"><a href="https://www.ladepeche.fr/2025/10/15/la-chataigne-a-lhonneur-12992899.php"><img decoding="async" class="alignnone" src="https://assets.ladepeche.fr/img/logos/logo.svg?401462f6" alt="" width="289" height="89" /></a></p>
<p style="text-align: center;"><a href="https://www.lepetitjournal.net/46-lot/2025/10/21/fete-chataigne-et-artisanat/"><img decoding="async" class="alignnone wp-image-224747 size-full" src="https://www.pepiniere-boisdelalau.fr/wp-content/uploads/2021/10/Sans-titre.png" alt="" width="244" height="103" /></a></p>
<p style="text-align: center;"><a href="https://www.tourisme-tarnetgaronne.fr/bouger/grands-rendez-vous/foire-a-la-chataigne-laguepie/"><img decoding="async" class="alignnone" src="https://woody.cloudly.space/app/themes/tarnetgaronne/logo_tg.svg" alt="" width="158" height="55" /></a></p>
<p style="text-align: center;">

<p>Retrouvez nous pour la foire de la châtaigne à Laguépie, le dimanche 26 octobre 2025 à partir de 8h30. Plus d&rsquo;information sur laguepie.fr Ils en parlent aussi &#8230;</p>

<!-- This site is optimized with the Yoast SEO plugin v27.5 - https://yoast.com/product/yoast-seo-wordpress/ -->
<title>Foire de la châtaigne - Laguépie - Pépinière du bois de Lalau</title>
<meta name="robots" content="index, follow, max-snippet:-1, max-image-preview:large, max-video-preview:-1" />
<link rel="canonical" href="https://www.pepiniere-boisdelalau.fr/index.php/calendrier/foire-de-la-chataigne-laguepie/" />
<meta name="twitter:label1" content="Durée de lecture estimée" />
	<meta name="twitter:data1" content="1 minute" />
<script type="application/ld+json" class="yoast-schema-graph">{"@context":"https:\/\/schema.org","@graph":[{"@type":"WebPage","@id":"https:\/\/www.pepiniere-boisdelalau.fr\/index.php\/calendrier\/foire-de-la-chataigne-laguepie\/","url":"https:\/\/www.pepiniere-boisdelalau.fr\/index.php\/calendrier\/foire-de-la-chataigne-laguepie\/","name":"Foire de la châtaigne - Laguépie - Pépinière du bois de Lalau","isPartOf":{"@id":"https:\/\/www.pepiniere-boisdelalau.fr\/#website"},"primaryImageOfPage":{"@id":"https:\/\/www.pepiniere-boisdelalau.fr\/index.php\/calendrier\/foire-de-la-chataigne-laguepie\/#primaryimage"},"image":{"@id":"https:\/\/www.pepiniere-boisdelalau.fr\/index.php\/calendrier\/foire-de-la-chataigne-laguepie\/#primaryimage"},"thumbnailUrl":"https:\/\/assets.ladepeche.fr\/img\/logos\/logo.svg?401462f6","datePublished":"2025-10-21T16:00:06+00:00","breadcrumb":{"@id":"https:\/\/www.pepiniere-boisdelalau.fr\/index.php\/calendrier\/foire-de-la-chataigne-laguepie\/#breadcrumb"},"inLanguage":"fr-FR","potentialAction":[{"@type":"ReadAction","target":["https:\/\/www.pepiniere-boisdelalau.fr\/index.php\/calendrier\/foire-de-la-chataigne-laguepie\/"]}]},{"@type":"ImageObject","inLanguage":"fr-FR","@id":"https:\/\/www.pepiniere-boisdelalau.fr\/index.php\/calendrier\/foire-de-la-chataigne-laguepie\/#primaryimage","url":"https:\/\/assets.ladepeche.fr\/img\/logos\/logo.svg?401462f6","contentUrl":"https:\/\/assets.ladepeche.fr\/img\/logos\/logo.svg?401462f6"},{"@type":"BreadcrumbList","@id":"https:\/\/www.pepiniere-boisdelalau.fr\/index.php\/calendrier\/foire-de-la-chataigne-laguepie\/#breadcrumb","itemListElement":[{"@type":"ListItem","position":1,"name":"Accueil","item":"https:\/\/www.pepiniere-boisdelalau.fr\/"},{"@type":"ListItem","position":2,"name":"Évènements","item":"https:\/\/www.pepiniere-boisdelalau.fr\/index.php\/calendrier\/"},{"@type":"ListItem","position":3,"name":"Foire de la châtaigne &#8211; Laguépie"}]},{"@type":"WebSite","@id":"https:\/\/www.pepiniere-boisdelalau.fr\/#website","url":"https:\/\/www.pepiniere-boisdelalau.fr\/","name":"Pépinière le bois de Lalau","description":"Pépinièriste paysan-producteur","publisher":{"@id":"https:\/\/www.pepiniere-boisdelalau.fr\/#organization"},"potentialAction":[{"@type":"SearchAction","target":{"@type":"EntryPoint","urlTemplate":"https:\/\/www.pepiniere-boisdelalau.fr\/?s={search_term_string}"},"query-input":{"@type":"PropertyValueSpecification","valueRequired":true,"valueName":"search_term_string"}}],"inLanguage":"fr-FR"},{"@type":"Organization","@id":"https:\/\/www.pepiniere-boisdelalau.fr\/#organization","name":"Pépinière le bois de Lalau","url":"https:\/\/www.pepiniere-boisdelalau.fr\/","logo":{"@type":"ImageObject","inLanguage":"fr-FR","@id":"https:\/\/www.pepiniere-boisdelalau.fr\/#\/schema\/logo\/image\/","url":"","contentUrl":"","caption":"Pépinière le bois de Lalau"},"image":{"@id":"https:\/\/www.pepiniere-boisdelalau.fr\/#\/schema\/logo\/image\/"},"sameAs":["https:\/\/www.facebook.com\/pepiniereboisdelalau"]}]}</script>
<!-- / Yoast SEO plugin. -->

Foire de la châtaigne - Laguépie - Pépinière du bois de Lalau

Évènements

Pépinière le bois de Lalau

Pépinièriste paysan-producteur
