{"id":2498589,"date":"2026-04-23T14:17:09","date_gmt":"2026-04-23T12:17:09","guid":{"rendered":"https:\/\/www.pepiniere-boisdelalau.fr\/?post_type=tribe_events&#038;p=2498589"},"modified":"2026-04-23T14:18:23","modified_gmt":"2026-04-23T12:18:23","slug":"foire-au-jardinage-lescure-dalbigeois","status":"publish","type":"tribe_events","link":"https:\/\/www.pepiniere-boisdelalau.fr\/index.php\/calendrier\/foire-au-jardinage-lescure-dalbigeois\/","title":{"rendered":"Foire au jardinage &#8211; Lescure d&rsquo;Albigeois"},"content":{"rendered":"<p>Retrouvez-nous pour la foire au jardinage \u00e0 Lescure d&rsquo;Albigeois,le vendredi 8 mai 2026 \u00e0 partir de 8h30.<\/p>\n<p style=\"text-align: center;\"><img fetchpriority=\"high\" decoding=\"async\" class=\"alignnone \" src=\"https:\/\/files.appli-intramuros.com\/img\/events\/10062\/93e73fe4f27dbe3e653a638213391c9e_foire-au-j.jpg\" width=\"695\" height=\"983\" \/><\/p>\n<p style=\"text-align: center;\"><iframe style=\"border: none; overflow: hidden;\" src=\"https:\/\/www.facebook.com\/plugins\/post.php?href=https%3A%2F%2Fwww.facebook.com%2Fletarnlibre%2Fposts%2Fpfbid02nRFHk4Wcgm1Weg16smgcmRaRWJk1UmkEJdgfPYu6LrZ2cvz2maFarEhG2Gbtw8W2l&amp;width=750&amp;show_text=true&amp;height=600&amp;appId\" width=\"750\" height=\"600\" frameborder=\"0\" scrolling=\"no\" allowfullscreen=\"allowfullscreen\"><\/iframe><\/p>\n<h3>Ils en parlent aussi&#8230;<\/h3>\n<p style=\"text-align: center;\"><a href=\"https:\/\/www.letarnlibre.com\/actualite-11870-lescure-d-albigeois-la-grande-foire-du-8-mai-se-prepare\"><img decoding=\"async\" class=\"alignnone\" src=\"https:\/\/www.letarnlibre.com\/assets\/images\/logos\/logo.svg?v=60888711\" alt=\"\" width=\"231\" height=\"53\" \/><\/a><\/p>\n<p><a href=\"https:\/\/www.intramuros.org\/lescure-dalbigeois\/agenda\/760459\"><img decoding=\"async\" src=\"https:\/\/files.appli-intramuros.com\/img\/city_logo\/agglo\/868\/132067c49fb79d2304e6e7cd5b987d37_lescure-da.jpg\" alt=\"\" width=\"126\" height=\"94\" \/><\/a><\/p>\n<p style=\"text-align: center;\">intramuros<\/p>\n<p style=\"text-align: center;\">\n","protected":false},"excerpt":{"rendered":"<p>Retrouvez-nous pour la foire au jardinage \u00e0 Lescure d&rsquo;Albigeois,le vendredi 8 mai 2026 \u00e0 partir de 8h30. Ils en parlent aussi&#8230; intramuros<\/p>\n","protected":false},"author":1,"featured_media":0,"template":"","meta":{"inline_featured_image":false,"_themeisle_gutenberg_block_has_review":false,"_tribe_events_status":"","_tribe_events_status_reason":"","footnotes":""},"tags":[],"tribe_events_cat":[],"class_list":["post-2498589","tribe_events","type-tribe_events","status-publish","hentry"],"yoast_head":"<!-- This site is optimized with the Yoast SEO plugin v27.5 - https:\/\/yoast.com\/product\/yoast-seo-wordpress\/ -->\n<title>Foire au jardinage - Lescure d&#039;Albigeois - P\u00e9pini\u00e8re du bois de Lalau<\/title>\n<meta name=\"robots\" content=\"index, follow, max-snippet:-1, max-image-preview:large, max-video-preview:-1\" \/>\n<link rel=\"canonical\" href=\"https:\/\/www.pepiniere-boisdelalau.fr\/index.php\/calendrier\/foire-au-jardinage-lescure-dalbigeois\/\" \/>\n<meta name=\"twitter:label1\" content=\"Dur\u00e9e de lecture estim\u00e9e\" \/>\n\t<meta name=\"twitter:data1\" content=\"1 minute\" \/>\n<script type=\"application\/ld+json\" class=\"yoast-schema-graph\">{\"@context\":\"https:\\\/\\\/schema.org\",\"@graph\":[{\"@type\":\"WebPage\",\"@id\":\"https:\\\/\\\/www.pepiniere-boisdelalau.fr\\\/index.php\\\/calendrier\\\/foire-au-jardinage-lescure-dalbigeois\\\/\",\"url\":\"https:\\\/\\\/www.pepiniere-boisdelalau.fr\\\/index.php\\\/calendrier\\\/foire-au-jardinage-lescure-dalbigeois\\\/\",\"name\":\"Foire au jardinage - Lescure d'Albigeois - P\u00e9pini\u00e8re du bois de Lalau\",\"isPartOf\":{\"@id\":\"https:\\\/\\\/www.pepiniere-boisdelalau.fr\\\/#website\"},\"primaryImageOfPage\":{\"@id\":\"https:\\\/\\\/www.pepiniere-boisdelalau.fr\\\/index.php\\\/calendrier\\\/foire-au-jardinage-lescure-dalbigeois\\\/#primaryimage\"},\"image\":{\"@id\":\"https:\\\/\\\/www.pepiniere-boisdelalau.fr\\\/index.php\\\/calendrier\\\/foire-au-jardinage-lescure-dalbigeois\\\/#primaryimage\"},\"thumbnailUrl\":\"https:\\\/\\\/files.appli-intramuros.com\\\/img\\\/events\\\/10062\\\/93e73fe4f27dbe3e653a638213391c9e_foire-au-j.jpg\",\"datePublished\":\"2026-04-23T12:17:09+00:00\",\"dateModified\":\"2026-04-23T12:18:23+00:00\",\"breadcrumb\":{\"@id\":\"https:\\\/\\\/www.pepiniere-boisdelalau.fr\\\/index.php\\\/calendrier\\\/foire-au-jardinage-lescure-dalbigeois\\\/#breadcrumb\"},\"inLanguage\":\"fr-FR\",\"potentialAction\":[{\"@type\":\"ReadAction\",\"target\":[\"https:\\\/\\\/www.pepiniere-boisdelalau.fr\\\/index.php\\\/calendrier\\\/foire-au-jardinage-lescure-dalbigeois\\\/\"]}]},{\"@type\":\"ImageObject\",\"inLanguage\":\"fr-FR\",\"@id\":\"https:\\\/\\\/www.pepiniere-boisdelalau.fr\\\/index.php\\\/calendrier\\\/foire-au-jardinage-lescure-dalbigeois\\\/#primaryimage\",\"url\":\"https:\\\/\\\/files.appli-intramuros.com\\\/img\\\/events\\\/10062\\\/93e73fe4f27dbe3e653a638213391c9e_foire-au-j.jpg\",\"contentUrl\":\"https:\\\/\\\/files.appli-intramuros.com\\\/img\\\/events\\\/10062\\\/93e73fe4f27dbe3e653a638213391c9e_foire-au-j.jpg\"},{\"@type\":\"BreadcrumbList\",\"@id\":\"https:\\\/\\\/www.pepiniere-boisdelalau.fr\\\/index.php\\\/calendrier\\\/foire-au-jardinage-lescure-dalbigeois\\\/#breadcrumb\",\"itemListElement\":[{\"@type\":\"ListItem\",\"position\":1,\"name\":\"Accueil\",\"item\":\"https:\\\/\\\/www.pepiniere-boisdelalau.fr\\\/\"},{\"@type\":\"ListItem\",\"position\":2,\"name\":\"\u00c9v\u00e8nements\",\"item\":\"https:\\\/\\\/www.pepiniere-boisdelalau.fr\\\/index.php\\\/calendrier\\\/\"},{\"@type\":\"ListItem\",\"position\":3,\"name\":\"Foire au jardinage &#8211; Lescure d&rsquo;Albigeois\"}]},{\"@type\":\"WebSite\",\"@id\":\"https:\\\/\\\/www.pepiniere-boisdelalau.fr\\\/#website\",\"url\":\"https:\\\/\\\/www.pepiniere-boisdelalau.fr\\\/\",\"name\":\"P\u00e9pini\u00e8re le bois de Lalau\",\"description\":\"P\u00e9pini\u00e8riste paysan-producteur\",\"publisher\":{\"@id\":\"https:\\\/\\\/www.pepiniere-boisdelalau.fr\\\/#organization\"},\"potentialAction\":[{\"@type\":\"SearchAction\",\"target\":{\"@type\":\"EntryPoint\",\"urlTemplate\":\"https:\\\/\\\/www.pepiniere-boisdelalau.fr\\\/?s={search_term_string}\"},\"query-input\":{\"@type\":\"PropertyValueSpecification\",\"valueRequired\":true,\"valueName\":\"search_term_string\"}}],\"inLanguage\":\"fr-FR\"},{\"@type\":\"Organization\",\"@id\":\"https:\\\/\\\/www.pepiniere-boisdelalau.fr\\\/#organization\",\"name\":\"P\u00e9pini\u00e8re le bois de Lalau\",\"url\":\"https:\\\/\\\/www.pepiniere-boisdelalau.fr\\\/\",\"logo\":{\"@type\":\"ImageObject\",\"inLanguage\":\"fr-FR\",\"@id\":\"https:\\\/\\\/www.pepiniere-boisdelalau.fr\\\/#\\\/schema\\\/logo\\\/image\\\/\",\"url\":\"\",\"contentUrl\":\"\",\"caption\":\"P\u00e9pini\u00e8re le bois de Lalau\"},\"image\":{\"@id\":\"https:\\\/\\\/www.pepiniere-boisdelalau.fr\\\/#\\\/schema\\\/logo\\\/image\\\/\"},\"sameAs\":[\"https:\\\/\\\/www.facebook.com\\\/pepiniereboisdelalau\"]}]}<\/script>\n<!-- \/ Yoast SEO plugin. -->","yoast_head_json":{"title":"Foire au jardinage - Lescure d'Albigeois - P\u00e9pini\u00e8re du bois de Lalau","robots":{"index":"index","follow":"follow","max-snippet":"max-snippet:-1","max-image-preview":"max-image-preview:large","max-video-preview":"max-video-preview:-1"},"canonical":"https:\/\/www.pepiniere-boisdelalau.fr\/index.php\/calendrier\/foire-au-jardinage-lescure-dalbigeois\/","twitter_misc":{"Dur\u00e9e de lecture estim\u00e9e":"1 minute"},"schema":{"@context":"https:\/\/schema.org","@graph":[{"@type":"WebPage","@id":"https:\/\/www.pepiniere-boisdelalau.fr\/index.php\/calendrier\/foire-au-jardinage-lescure-dalbigeois\/","url":"https:\/\/www.pepiniere-boisdelalau.fr\/index.php\/calendrier\/foire-au-jardinage-lescure-dalbigeois\/","name":"Foire au jardinage - Lescure d'Albigeois - P\u00e9pini\u00e8re du bois de Lalau","isPartOf":{"@id":"https:\/\/www.pepiniere-boisdelalau.fr\/#website"},"primaryImageOfPage":{"@id":"https:\/\/www.pepiniere-boisdelalau.fr\/index.php\/calendrier\/foire-au-jardinage-lescure-dalbigeois\/#primaryimage"},"image":{"@id":"https:\/\/www.pepiniere-boisdelalau.fr\/index.php\/calendrier\/foire-au-jardinage-lescure-dalbigeois\/#primaryimage"},"thumbnailUrl":"https:\/\/files.appli-intramuros.com\/img\/events\/10062\/93e73fe4f27dbe3e653a638213391c9e_foire-au-j.jpg","datePublished":"2026-04-23T12:17:09+00:00","dateModified":"2026-04-23T12:18:23+00:00","breadcrumb":{"@id":"https:\/\/www.pepiniere-boisdelalau.fr\/index.php\/calendrier\/foire-au-jardinage-lescure-dalbigeois\/#breadcrumb"},"inLanguage":"fr-FR","potentialAction":[{"@type":"ReadAction","target":["https:\/\/www.pepiniere-boisdelalau.fr\/index.php\/calendrier\/foire-au-jardinage-lescure-dalbigeois\/"]}]},{"@type":"ImageObject","inLanguage":"fr-FR","@id":"https:\/\/www.pepiniere-boisdelalau.fr\/index.php\/calendrier\/foire-au-jardinage-lescure-dalbigeois\/#primaryimage","url":"https:\/\/files.appli-intramuros.com\/img\/events\/10062\/93e73fe4f27dbe3e653a638213391c9e_foire-au-j.jpg","contentUrl":"https:\/\/files.appli-intramuros.com\/img\/events\/10062\/93e73fe4f27dbe3e653a638213391c9e_foire-au-j.jpg"},{"@type":"BreadcrumbList","@id":"https:\/\/www.pepiniere-boisdelalau.fr\/index.php\/calendrier\/foire-au-jardinage-lescure-dalbigeois\/#breadcrumb","itemListElement":[{"@type":"ListItem","position":1,"name":"Accueil","item":"https:\/\/www.pepiniere-boisdelalau.fr\/"},{"@type":"ListItem","position":2,"name":"\u00c9v\u00e8nements","item":"https:\/\/www.pepiniere-boisdelalau.fr\/index.php\/calendrier\/"},{"@type":"ListItem","position":3,"name":"Foire au jardinage &#8211; Lescure d&rsquo;Albigeois"}]},{"@type":"WebSite","@id":"https:\/\/www.pepiniere-boisdelalau.fr\/#website","url":"https:\/\/www.pepiniere-boisdelalau.fr\/","name":"P\u00e9pini\u00e8re le bois de Lalau","description":"P\u00e9pini\u00e8riste paysan-producteur","publisher":{"@id":"https:\/\/www.pepiniere-boisdelalau.fr\/#organization"},"potentialAction":[{"@type":"SearchAction","target":{"@type":"EntryPoint","urlTemplate":"https:\/\/www.pepiniere-boisdelalau.fr\/?s={search_term_string}"},"query-input":{"@type":"PropertyValueSpecification","valueRequired":true,"valueName":"search_term_string"}}],"inLanguage":"fr-FR"},{"@type":"Organization","@id":"https:\/\/www.pepiniere-boisdelalau.fr\/#organization","name":"P\u00e9pini\u00e8re le bois de Lalau","url":"https:\/\/www.pepiniere-boisdelalau.fr\/","logo":{"@type":"ImageObject","inLanguage":"fr-FR","@id":"https:\/\/www.pepiniere-boisdelalau.fr\/#\/schema\/logo\/image\/","url":"","contentUrl":"","caption":"P\u00e9pini\u00e8re le bois de Lalau"},"image":{"@id":"https:\/\/www.pepiniere-boisdelalau.fr\/#\/schema\/logo\/image\/"},"sameAs":["https:\/\/www.facebook.com\/pepiniereboisdelalau"]}]}},"_links":{"self":[{"href":"https:\/\/www.pepiniere-boisdelalau.fr\/index.php\/wp-json\/wp\/v2\/tribe_events\/2498589","targetHints":{"allow":["GET"]}}],"collection":[{"href":"https:\/\/www.pepiniere-boisdelalau.fr\/index.php\/wp-json\/wp\/v2\/tribe_events"}],"about":[{"href":"https:\/\/www.pepiniere-boisdelalau.fr\/index.php\/wp-json\/wp\/v2\/types\/tribe_events"}],"author":[{"embeddable":true,"href":"https:\/\/www.pepiniere-boisdelalau.fr\/index.php\/wp-json\/wp\/v2\/users\/1"}],"version-history":[{"count":3,"href":"https:\/\/www.pepiniere-boisdelalau.fr\/index.php\/wp-json\/wp\/v2\/tribe_events\/2498589\/revisions"}],"predecessor-version":[{"id":2498974,"href":"https:\/\/www.pepiniere-boisdelalau.fr\/index.php\/wp-json\/wp\/v2\/tribe_events\/2498589\/revisions\/2498974"}],"wp:attachment":[{"href":"https:\/\/www.pepiniere-boisdelalau.fr\/index.php\/wp-json\/wp\/v2\/media?parent=2498589"}],"wp:term":[{"taxonomy":"post_tag","embeddable":true,"href":"https:\/\/www.pepiniere-boisdelalau.fr\/index.php\/wp-json\/wp\/v2\/tags?post=2498589"},{"taxonomy":"tribe_events_cat","embeddable":true,"href":"https:\/\/www.pepiniere-boisdelalau.fr\/index.php\/wp-json\/wp\/v2\/tribe_events_cat?post=2498589"}],"curies":[{"name":"wp","href":"https:\/\/api.w.org\/{rel}","templated":true}]}}

<p>Retrouvez-nous pour la foire au jardinage à Lescure d&rsquo;Albigeois,le vendredi 8 mai 2026 à partir de 8h30.</p>
<p style="text-align: center;"><img fetchpriority="high" decoding="async" class="alignnone " src="https://files.appli-intramuros.com/img/events/10062/93e73fe4f27dbe3e653a638213391c9e_foire-au-j.jpg" width="695" height="983" /></p>
<p style="text-align: center;"><iframe style="border: none; overflow: hidden;" src="https://www.facebook.com/plugins/post.php?href=https%3A%2F%2Fwww.facebook.com%2Fletarnlibre%2Fposts%2Fpfbid02nRFHk4Wcgm1Weg16smgcmRaRWJk1UmkEJdgfPYu6LrZ2cvz2maFarEhG2Gbtw8W2l&amp;width=750&amp;show_text=true&amp;height=600&amp;appId" width="750" height="600" frameborder="0" scrolling="no" allowfullscreen="allowfullscreen"></iframe></p>
<h3>Ils en parlent aussi&#8230;</h3>
<p style="text-align: center;"><a href="https://www.letarnlibre.com/actualite-11870-lescure-d-albigeois-la-grande-foire-du-8-mai-se-prepare"><img decoding="async" class="alignnone" src="https://www.letarnlibre.com/assets/images/logos/logo.svg?v=60888711" alt="" width="231" height="53" /></a></p>
<p><a href="https://www.intramuros.org/lescure-dalbigeois/agenda/760459"><img decoding="async" src="https://files.appli-intramuros.com/img/city_logo/agglo/868/132067c49fb79d2304e6e7cd5b987d37_lescure-da.jpg" alt="" width="126" height="94" /></a></p>
<p style="text-align: center;">intramuros</p>
<p style="text-align: center;">

<p>Retrouvez-nous pour la foire au jardinage à Lescure d&rsquo;Albigeois,le vendredi 8 mai 2026 à partir de 8h30. Ils en parlent aussi&#8230; intramuros</p>

<!-- This site is optimized with the Yoast SEO plugin v27.5 - https://yoast.com/product/yoast-seo-wordpress/ -->
<title>Foire au jardinage - Lescure d&#039;Albigeois - Pépinière du bois de Lalau</title>
<meta name="robots" content="index, follow, max-snippet:-1, max-image-preview:large, max-video-preview:-1" />
<link rel="canonical" href="https://www.pepiniere-boisdelalau.fr/index.php/calendrier/foire-au-jardinage-lescure-dalbigeois/" />
<meta name="twitter:label1" content="Durée de lecture estimée" />
	<meta name="twitter:data1" content="1 minute" />
<script type="application/ld+json" class="yoast-schema-graph">{"@context":"https:\/\/schema.org","@graph":[{"@type":"WebPage","@id":"https:\/\/www.pepiniere-boisdelalau.fr\/index.php\/calendrier\/foire-au-jardinage-lescure-dalbigeois\/","url":"https:\/\/www.pepiniere-boisdelalau.fr\/index.php\/calendrier\/foire-au-jardinage-lescure-dalbigeois\/","name":"Foire au jardinage - Lescure d'Albigeois - Pépinière du bois de Lalau","isPartOf":{"@id":"https:\/\/www.pepiniere-boisdelalau.fr\/#website"},"primaryImageOfPage":{"@id":"https:\/\/www.pepiniere-boisdelalau.fr\/index.php\/calendrier\/foire-au-jardinage-lescure-dalbigeois\/#primaryimage"},"image":{"@id":"https:\/\/www.pepiniere-boisdelalau.fr\/index.php\/calendrier\/foire-au-jardinage-lescure-dalbigeois\/#primaryimage"},"thumbnailUrl":"https:\/\/files.appli-intramuros.com\/img\/events\/10062\/93e73fe4f27dbe3e653a638213391c9e_foire-au-j.jpg","datePublished":"2026-04-23T12:17:09+00:00","dateModified":"2026-04-23T12:18:23+00:00","breadcrumb":{"@id":"https:\/\/www.pepiniere-boisdelalau.fr\/index.php\/calendrier\/foire-au-jardinage-lescure-dalbigeois\/#breadcrumb"},"inLanguage":"fr-FR","potentialAction":[{"@type":"ReadAction","target":["https:\/\/www.pepiniere-boisdelalau.fr\/index.php\/calendrier\/foire-au-jardinage-lescure-dalbigeois\/"]}]},{"@type":"ImageObject","inLanguage":"fr-FR","@id":"https:\/\/www.pepiniere-boisdelalau.fr\/index.php\/calendrier\/foire-au-jardinage-lescure-dalbigeois\/#primaryimage","url":"https:\/\/files.appli-intramuros.com\/img\/events\/10062\/93e73fe4f27dbe3e653a638213391c9e_foire-au-j.jpg","contentUrl":"https:\/\/files.appli-intramuros.com\/img\/events\/10062\/93e73fe4f27dbe3e653a638213391c9e_foire-au-j.jpg"},{"@type":"BreadcrumbList","@id":"https:\/\/www.pepiniere-boisdelalau.fr\/index.php\/calendrier\/foire-au-jardinage-lescure-dalbigeois\/#breadcrumb","itemListElement":[{"@type":"ListItem","position":1,"name":"Accueil","item":"https:\/\/www.pepiniere-boisdelalau.fr\/"},{"@type":"ListItem","position":2,"name":"Évènements","item":"https:\/\/www.pepiniere-boisdelalau.fr\/index.php\/calendrier\/"},{"@type":"ListItem","position":3,"name":"Foire au jardinage &#8211; Lescure d&rsquo;Albigeois"}]},{"@type":"WebSite","@id":"https:\/\/www.pepiniere-boisdelalau.fr\/#website","url":"https:\/\/www.pepiniere-boisdelalau.fr\/","name":"Pépinière le bois de Lalau","description":"Pépinièriste paysan-producteur","publisher":{"@id":"https:\/\/www.pepiniere-boisdelalau.fr\/#organization"},"potentialAction":[{"@type":"SearchAction","target":{"@type":"EntryPoint","urlTemplate":"https:\/\/www.pepiniere-boisdelalau.fr\/?s={search_term_string}"},"query-input":{"@type":"PropertyValueSpecification","valueRequired":true,"valueName":"search_term_string"}}],"inLanguage":"fr-FR"},{"@type":"Organization","@id":"https:\/\/www.pepiniere-boisdelalau.fr\/#organization","name":"Pépinière le bois de Lalau","url":"https:\/\/www.pepiniere-boisdelalau.fr\/","logo":{"@type":"ImageObject","inLanguage":"fr-FR","@id":"https:\/\/www.pepiniere-boisdelalau.fr\/#\/schema\/logo\/image\/","url":"","contentUrl":"","caption":"Pépinière le bois de Lalau"},"image":{"@id":"https:\/\/www.pepiniere-boisdelalau.fr\/#\/schema\/logo\/image\/"},"sameAs":["https:\/\/www.facebook.com\/pepiniereboisdelalau"]}]}</script>
<!-- / Yoast SEO plugin. -->

Foire au jardinage - Lescure d'Albigeois - Pépinière du bois de Lalau

Évènements

Pépinière le bois de Lalau

Pépinièriste paysan-producteur
