{"id":2498975,"date":"2026-04-23T14:50:32","date_gmt":"2026-04-23T12:50:32","guid":{"rendered":"https:\/\/www.pepiniere-boisdelalau.fr\/?post_type=tribe_events&#038;p=2498975"},"modified":"2026-04-23T14:50:32","modified_gmt":"2026-04-23T12:50:32","slug":"journees-aux-fleurs-castres-5","status":"publish","type":"tribe_events","link":"https:\/\/www.pepiniere-boisdelalau.fr\/index.php\/calendrier\/journees-aux-fleurs-castres-5\/","title":{"rendered":"Journ\u00e9es aux fleurs &#8211; Castres"},"content":{"rendered":"<p>Retrouvez-nous pour les journ\u00e9es aux fleurs au parc de Gourjade \u00e0 Castres le samedi 9 et dimanche 10 mai 2026 \u00e0 partir de 8h30.<\/p>\n<p>&nbsp;<\/p>\n<p style=\"text-align: center;\"><img fetchpriority=\"high\" decoding=\"async\" class=\"alignnone size-full\" src=\"https:\/\/www.tourisme-tarn.com\/wp-content\/uploads\/wpetourisme\/40017198-diaporama-400x267.jpg\" width=\"400\" height=\"267\" \/><\/p>\n<p style=\"text-align: center;\"><img decoding=\"async\" class=\"alignnone \" src=\"https:\/\/scontent-cdg4-2.cdninstagram.com\/v\/t51.82787-15\/671167380_17927882169266957_5943870242473357600_n.jpg?stp=dst-jpg_e35_tt6&amp;_nc_cat=109&amp;ig_cache_key=Mzg4MDM4OTY0ODg0NTY3MzMwMg%3D%3D.3-ccb7-5&amp;ccb=7-5&amp;_nc_sid=58cdad&amp;efg=eyJ2ZW5jb2RlX3RhZyI6InhwaWRzLjc1MHgxMDAwLnNkci5DMyJ9&amp;_nc_ohc=3mnlw0WuMdYQ7kNvwFUCkC-&amp;_nc_oc=Adp7TAYra7soT1jLr8ceKkyn6vgNHwmuSXiPeay1QUKeuT822eWmfByVj0L_af2bawY&amp;_nc_ad=z-m&amp;_nc_cid=0&amp;_nc_zt=23&amp;_nc_ht=scontent-cdg4-2.cdninstagram.com&amp;_nc_gid=NegavfrA8x5Whwg7XYu3tg&amp;_nc_ss=7a22e&amp;oh=00_Af3Y2wKUZuK-i6XqmtWXpF0tq6-QQjI9Pdhs9PaYaaT3xQ&amp;oe=69EFDA65\" width=\"716\" height=\"955\" \/><\/p>\n<h3>Plus d&rsquo;information sur <a href=\"https:\/\/www.ville-castres.fr\/agenda\/journees-aux-fleurs\/\"><img decoding=\"async\" class=\"alignnone\" src=\"https:\/\/www.ville-castres.fr\/wp-content\/uploads\/2024\/06\/LOGO-QUADRI-copie-2.png\" alt=\"\" width=\"128\" height=\"100\" \/><\/a><\/h3>\n<h3>Ils en parlent aussi &#8230;<\/h3>\n<p style=\"text-align: center;\"><a href=\"https:\/\/www.tourisme-tarn.com\/agenda\/journees-aux-fleurs\/\"><img loading=\"lazy\" decoding=\"async\" class=\"alignnone\" src=\"https:\/\/www.tourisme-tarn.com\/wp-content\/themes\/cdt81\/assets\/dist\/images\/logo-ltvvdb-orange.svg\" alt=\"\" width=\"156\" height=\"156\" \/><\/a><\/p>\n","protected":false},"excerpt":{"rendered":"<p>Retrouvez-nous pour les journ\u00e9es aux fleurs au parc de Gourjade \u00e0 Castres le samedi 9 et dimanche 10 mai 2026 \u00e0 partir de 8h30. &nbsp; Plus d&rsquo;information sur Ils en &hellip;<\/p>\n","protected":false},"author":1,"featured_media":0,"template":"","meta":{"inline_featured_image":false,"_themeisle_gutenberg_block_has_review":false,"_tribe_events_status":"","_tribe_events_status_reason":"","footnotes":""},"tags":[],"tribe_events_cat":[],"class_list":["post-2498975","tribe_events","type-tribe_events","status-publish","hentry"],"yoast_head":"<!-- This site is optimized with the Yoast SEO plugin v27.5 - https:\/\/yoast.com\/product\/yoast-seo-wordpress\/ -->\n<title>Journ\u00e9es aux fleurs - Castres - P\u00e9pini\u00e8re du bois de Lalau<\/title>\n<meta name=\"robots\" content=\"index, follow, max-snippet:-1, max-image-preview:large, max-video-preview:-1\" \/>\n<link rel=\"canonical\" href=\"https:\/\/www.pepiniere-boisdelalau.fr\/index.php\/calendrier\/journees-aux-fleurs-castres-5\/\" \/>\n<meta name=\"twitter:label1\" content=\"Dur\u00e9e de lecture estim\u00e9e\" \/>\n\t<meta name=\"twitter:data1\" content=\"1 minute\" \/>\n<script type=\"application\/ld+json\" class=\"yoast-schema-graph\">{\"@context\":\"https:\\\/\\\/schema.org\",\"@graph\":[{\"@type\":\"WebPage\",\"@id\":\"https:\\\/\\\/www.pepiniere-boisdelalau.fr\\\/index.php\\\/calendrier\\\/journees-aux-fleurs-castres-5\\\/\",\"url\":\"https:\\\/\\\/www.pepiniere-boisdelalau.fr\\\/index.php\\\/calendrier\\\/journees-aux-fleurs-castres-5\\\/\",\"name\":\"Journ\u00e9es aux fleurs - Castres - P\u00e9pini\u00e8re du bois de Lalau\",\"isPartOf\":{\"@id\":\"https:\\\/\\\/www.pepiniere-boisdelalau.fr\\\/#website\"},\"primaryImageOfPage\":{\"@id\":\"https:\\\/\\\/www.pepiniere-boisdelalau.fr\\\/index.php\\\/calendrier\\\/journees-aux-fleurs-castres-5\\\/#primaryimage\"},\"image\":{\"@id\":\"https:\\\/\\\/www.pepiniere-boisdelalau.fr\\\/index.php\\\/calendrier\\\/journees-aux-fleurs-castres-5\\\/#primaryimage\"},\"thumbnailUrl\":\"https:\\\/\\\/www.tourisme-tarn.com\\\/wp-content\\\/uploads\\\/wpetourisme\\\/40017198-diaporama-400x267.jpg\",\"datePublished\":\"2026-04-23T12:50:32+00:00\",\"breadcrumb\":{\"@id\":\"https:\\\/\\\/www.pepiniere-boisdelalau.fr\\\/index.php\\\/calendrier\\\/journees-aux-fleurs-castres-5\\\/#breadcrumb\"},\"inLanguage\":\"fr-FR\",\"potentialAction\":[{\"@type\":\"ReadAction\",\"target\":[\"https:\\\/\\\/www.pepiniere-boisdelalau.fr\\\/index.php\\\/calendrier\\\/journees-aux-fleurs-castres-5\\\/\"]}]},{\"@type\":\"ImageObject\",\"inLanguage\":\"fr-FR\",\"@id\":\"https:\\\/\\\/www.pepiniere-boisdelalau.fr\\\/index.php\\\/calendrier\\\/journees-aux-fleurs-castres-5\\\/#primaryimage\",\"url\":\"https:\\\/\\\/www.tourisme-tarn.com\\\/wp-content\\\/uploads\\\/wpetourisme\\\/40017198-diaporama-400x267.jpg\",\"contentUrl\":\"https:\\\/\\\/www.tourisme-tarn.com\\\/wp-content\\\/uploads\\\/wpetourisme\\\/40017198-diaporama-400x267.jpg\"},{\"@type\":\"BreadcrumbList\",\"@id\":\"https:\\\/\\\/www.pepiniere-boisdelalau.fr\\\/index.php\\\/calendrier\\\/journees-aux-fleurs-castres-5\\\/#breadcrumb\",\"itemListElement\":[{\"@type\":\"ListItem\",\"position\":1,\"name\":\"Accueil\",\"item\":\"https:\\\/\\\/www.pepiniere-boisdelalau.fr\\\/\"},{\"@type\":\"ListItem\",\"position\":2,\"name\":\"\u00c9v\u00e8nements\",\"item\":\"https:\\\/\\\/www.pepiniere-boisdelalau.fr\\\/index.php\\\/calendrier\\\/\"},{\"@type\":\"ListItem\",\"position\":3,\"name\":\"Journ\u00e9es aux fleurs &#8211; Castres\"}]},{\"@type\":\"WebSite\",\"@id\":\"https:\\\/\\\/www.pepiniere-boisdelalau.fr\\\/#website\",\"url\":\"https:\\\/\\\/www.pepiniere-boisdelalau.fr\\\/\",\"name\":\"P\u00e9pini\u00e8re le bois de Lalau\",\"description\":\"P\u00e9pini\u00e8riste paysan-producteur\",\"publisher\":{\"@id\":\"https:\\\/\\\/www.pepiniere-boisdelalau.fr\\\/#organization\"},\"potentialAction\":[{\"@type\":\"SearchAction\",\"target\":{\"@type\":\"EntryPoint\",\"urlTemplate\":\"https:\\\/\\\/www.pepiniere-boisdelalau.fr\\\/?s={search_term_string}\"},\"query-input\":{\"@type\":\"PropertyValueSpecification\",\"valueRequired\":true,\"valueName\":\"search_term_string\"}}],\"inLanguage\":\"fr-FR\"},{\"@type\":\"Organization\",\"@id\":\"https:\\\/\\\/www.pepiniere-boisdelalau.fr\\\/#organization\",\"name\":\"P\u00e9pini\u00e8re le bois de Lalau\",\"url\":\"https:\\\/\\\/www.pepiniere-boisdelalau.fr\\\/\",\"logo\":{\"@type\":\"ImageObject\",\"inLanguage\":\"fr-FR\",\"@id\":\"https:\\\/\\\/www.pepiniere-boisdelalau.fr\\\/#\\\/schema\\\/logo\\\/image\\\/\",\"url\":\"\",\"contentUrl\":\"\",\"caption\":\"P\u00e9pini\u00e8re le bois de Lalau\"},\"image\":{\"@id\":\"https:\\\/\\\/www.pepiniere-boisdelalau.fr\\\/#\\\/schema\\\/logo\\\/image\\\/\"},\"sameAs\":[\"https:\\\/\\\/www.facebook.com\\\/pepiniereboisdelalau\"]}]}<\/script>\n<!-- \/ Yoast SEO plugin. -->","yoast_head_json":{"title":"Journ\u00e9es aux fleurs - Castres - P\u00e9pini\u00e8re du bois de Lalau","robots":{"index":"index","follow":"follow","max-snippet":"max-snippet:-1","max-image-preview":"max-image-preview:large","max-video-preview":"max-video-preview:-1"},"canonical":"https:\/\/www.pepiniere-boisdelalau.fr\/index.php\/calendrier\/journees-aux-fleurs-castres-5\/","twitter_misc":{"Dur\u00e9e de lecture estim\u00e9e":"1 minute"},"schema":{"@context":"https:\/\/schema.org","@graph":[{"@type":"WebPage","@id":"https:\/\/www.pepiniere-boisdelalau.fr\/index.php\/calendrier\/journees-aux-fleurs-castres-5\/","url":"https:\/\/www.pepiniere-boisdelalau.fr\/index.php\/calendrier\/journees-aux-fleurs-castres-5\/","name":"Journ\u00e9es aux fleurs - Castres - P\u00e9pini\u00e8re du bois de Lalau","isPartOf":{"@id":"https:\/\/www.pepiniere-boisdelalau.fr\/#website"},"primaryImageOfPage":{"@id":"https:\/\/www.pepiniere-boisdelalau.fr\/index.php\/calendrier\/journees-aux-fleurs-castres-5\/#primaryimage"},"image":{"@id":"https:\/\/www.pepiniere-boisdelalau.fr\/index.php\/calendrier\/journees-aux-fleurs-castres-5\/#primaryimage"},"thumbnailUrl":"https:\/\/www.tourisme-tarn.com\/wp-content\/uploads\/wpetourisme\/40017198-diaporama-400x267.jpg","datePublished":"2026-04-23T12:50:32+00:00","breadcrumb":{"@id":"https:\/\/www.pepiniere-boisdelalau.fr\/index.php\/calendrier\/journees-aux-fleurs-castres-5\/#breadcrumb"},"inLanguage":"fr-FR","potentialAction":[{"@type":"ReadAction","target":["https:\/\/www.pepiniere-boisdelalau.fr\/index.php\/calendrier\/journees-aux-fleurs-castres-5\/"]}]},{"@type":"ImageObject","inLanguage":"fr-FR","@id":"https:\/\/www.pepiniere-boisdelalau.fr\/index.php\/calendrier\/journees-aux-fleurs-castres-5\/#primaryimage","url":"https:\/\/www.tourisme-tarn.com\/wp-content\/uploads\/wpetourisme\/40017198-diaporama-400x267.jpg","contentUrl":"https:\/\/www.tourisme-tarn.com\/wp-content\/uploads\/wpetourisme\/40017198-diaporama-400x267.jpg"},{"@type":"BreadcrumbList","@id":"https:\/\/www.pepiniere-boisdelalau.fr\/index.php\/calendrier\/journees-aux-fleurs-castres-5\/#breadcrumb","itemListElement":[{"@type":"ListItem","position":1,"name":"Accueil","item":"https:\/\/www.pepiniere-boisdelalau.fr\/"},{"@type":"ListItem","position":2,"name":"\u00c9v\u00e8nements","item":"https:\/\/www.pepiniere-boisdelalau.fr\/index.php\/calendrier\/"},{"@type":"ListItem","position":3,"name":"Journ\u00e9es aux fleurs &#8211; Castres"}]},{"@type":"WebSite","@id":"https:\/\/www.pepiniere-boisdelalau.fr\/#website","url":"https:\/\/www.pepiniere-boisdelalau.fr\/","name":"P\u00e9pini\u00e8re le bois de Lalau","description":"P\u00e9pini\u00e8riste paysan-producteur","publisher":{"@id":"https:\/\/www.pepiniere-boisdelalau.fr\/#organization"},"potentialAction":[{"@type":"SearchAction","target":{"@type":"EntryPoint","urlTemplate":"https:\/\/www.pepiniere-boisdelalau.fr\/?s={search_term_string}"},"query-input":{"@type":"PropertyValueSpecification","valueRequired":true,"valueName":"search_term_string"}}],"inLanguage":"fr-FR"},{"@type":"Organization","@id":"https:\/\/www.pepiniere-boisdelalau.fr\/#organization","name":"P\u00e9pini\u00e8re le bois de Lalau","url":"https:\/\/www.pepiniere-boisdelalau.fr\/","logo":{"@type":"ImageObject","inLanguage":"fr-FR","@id":"https:\/\/www.pepiniere-boisdelalau.fr\/#\/schema\/logo\/image\/","url":"","contentUrl":"","caption":"P\u00e9pini\u00e8re le bois de Lalau"},"image":{"@id":"https:\/\/www.pepiniere-boisdelalau.fr\/#\/schema\/logo\/image\/"},"sameAs":["https:\/\/www.facebook.com\/pepiniereboisdelalau"]}]}},"_links":{"self":[{"href":"https:\/\/www.pepiniere-boisdelalau.fr\/index.php\/wp-json\/wp\/v2\/tribe_events\/2498975","targetHints":{"allow":["GET"]}}],"collection":[{"href":"https:\/\/www.pepiniere-boisdelalau.fr\/index.php\/wp-json\/wp\/v2\/tribe_events"}],"about":[{"href":"https:\/\/www.pepiniere-boisdelalau.fr\/index.php\/wp-json\/wp\/v2\/types\/tribe_events"}],"author":[{"embeddable":true,"href":"https:\/\/www.pepiniere-boisdelalau.fr\/index.php\/wp-json\/wp\/v2\/users\/1"}],"version-history":[{"count":1,"href":"https:\/\/www.pepiniere-boisdelalau.fr\/index.php\/wp-json\/wp\/v2\/tribe_events\/2498975\/revisions"}],"predecessor-version":[{"id":2499013,"href":"https:\/\/www.pepiniere-boisdelalau.fr\/index.php\/wp-json\/wp\/v2\/tribe_events\/2498975\/revisions\/2499013"}],"wp:attachment":[{"href":"https:\/\/www.pepiniere-boisdelalau.fr\/index.php\/wp-json\/wp\/v2\/media?parent=2498975"}],"wp:term":[{"taxonomy":"post_tag","embeddable":true,"href":"https:\/\/www.pepiniere-boisdelalau.fr\/index.php\/wp-json\/wp\/v2\/tags?post=2498975"},{"taxonomy":"tribe_events_cat","embeddable":true,"href":"https:\/\/www.pepiniere-boisdelalau.fr\/index.php\/wp-json\/wp\/v2\/tribe_events_cat?post=2498975"}],"curies":[{"name":"wp","href":"https:\/\/api.w.org\/{rel}","templated":true}]}}

Journées aux fleurs &#8211; Castres

<p>Retrouvez-nous pour les journées aux fleurs au parc de Gourjade à Castres le samedi 9 et dimanche 10 mai 2026 à partir de 8h30.</p>
<p>&nbsp;</p>
<p style="text-align: center;"><img fetchpriority="high" decoding="async" class="alignnone size-full" src="https://www.tourisme-tarn.com/wp-content/uploads/wpetourisme/40017198-diaporama-400x267.jpg" width="400" height="267" /></p>
<p style="text-align: center;"><img decoding="async" class="alignnone " src="https://scontent-cdg4-2.cdninstagram.com/v/t51.82787-15/671167380_17927882169266957_5943870242473357600_n.jpg?stp=dst-jpg_e35_tt6&amp;_nc_cat=109&amp;ig_cache_key=Mzg4MDM4OTY0ODg0NTY3MzMwMg%3D%3D.3-ccb7-5&amp;ccb=7-5&amp;_nc_sid=58cdad&amp;efg=eyJ2ZW5jb2RlX3RhZyI6InhwaWRzLjc1MHgxMDAwLnNkci5DMyJ9&amp;_nc_ohc=3mnlw0WuMdYQ7kNvwFUCkC-&amp;_nc_oc=Adp7TAYra7soT1jLr8ceKkyn6vgNHwmuSXiPeay1QUKeuT822eWmfByVj0L_af2bawY&amp;_nc_ad=z-m&amp;_nc_cid=0&amp;_nc_zt=23&amp;_nc_ht=scontent-cdg4-2.cdninstagram.com&amp;_nc_gid=NegavfrA8x5Whwg7XYu3tg&amp;_nc_ss=7a22e&amp;oh=00_Af3Y2wKUZuK-i6XqmtWXpF0tq6-QQjI9Pdhs9PaYaaT3xQ&amp;oe=69EFDA65" width="716" height="955" /></p>
<h3>Plus d&rsquo;information sur <a href="https://www.ville-castres.fr/agenda/journees-aux-fleurs/"><img decoding="async" class="alignnone" src="https://www.ville-castres.fr/wp-content/uploads/2024/06/LOGO-QUADRI-copie-2.png" alt="" width="128" height="100" /></a></h3>
<h3>Ils en parlent aussi &#8230;</h3>
<p style="text-align: center;"><a href="https://www.tourisme-tarn.com/agenda/journees-aux-fleurs/"><img loading="lazy" decoding="async" class="alignnone" src="https://www.tourisme-tarn.com/wp-content/themes/cdt81/assets/dist/images/logo-ltvvdb-orange.svg" alt="" width="156" height="156" /></a></p>

<p>Retrouvez-nous pour les journées aux fleurs au parc de Gourjade à Castres le samedi 9 et dimanche 10 mai 2026 à partir de 8h30. &nbsp; Plus d&rsquo;information sur Ils en &hellip;</p>

<!-- This site is optimized with the Yoast SEO plugin v27.5 - https://yoast.com/product/yoast-seo-wordpress/ -->
<title>Journées aux fleurs - Castres - Pépinière du bois de Lalau</title>
<meta name="robots" content="index, follow, max-snippet:-1, max-image-preview:large, max-video-preview:-1" />
<link rel="canonical" href="https://www.pepiniere-boisdelalau.fr/index.php/calendrier/journees-aux-fleurs-castres-5/" />
<meta name="twitter:label1" content="Durée de lecture estimée" />
	<meta name="twitter:data1" content="1 minute" />
<script type="application/ld+json" class="yoast-schema-graph">{"@context":"https:\/\/schema.org","@graph":[{"@type":"WebPage","@id":"https:\/\/www.pepiniere-boisdelalau.fr\/index.php\/calendrier\/journees-aux-fleurs-castres-5\/","url":"https:\/\/www.pepiniere-boisdelalau.fr\/index.php\/calendrier\/journees-aux-fleurs-castres-5\/","name":"Journées aux fleurs - Castres - Pépinière du bois de Lalau","isPartOf":{"@id":"https:\/\/www.pepiniere-boisdelalau.fr\/#website"},"primaryImageOfPage":{"@id":"https:\/\/www.pepiniere-boisdelalau.fr\/index.php\/calendrier\/journees-aux-fleurs-castres-5\/#primaryimage"},"image":{"@id":"https:\/\/www.pepiniere-boisdelalau.fr\/index.php\/calendrier\/journees-aux-fleurs-castres-5\/#primaryimage"},"thumbnailUrl":"https:\/\/www.tourisme-tarn.com\/wp-content\/uploads\/wpetourisme\/40017198-diaporama-400x267.jpg","datePublished":"2026-04-23T12:50:32+00:00","breadcrumb":{"@id":"https:\/\/www.pepiniere-boisdelalau.fr\/index.php\/calendrier\/journees-aux-fleurs-castres-5\/#breadcrumb"},"inLanguage":"fr-FR","potentialAction":[{"@type":"ReadAction","target":["https:\/\/www.pepiniere-boisdelalau.fr\/index.php\/calendrier\/journees-aux-fleurs-castres-5\/"]}]},{"@type":"ImageObject","inLanguage":"fr-FR","@id":"https:\/\/www.pepiniere-boisdelalau.fr\/index.php\/calendrier\/journees-aux-fleurs-castres-5\/#primaryimage","url":"https:\/\/www.tourisme-tarn.com\/wp-content\/uploads\/wpetourisme\/40017198-diaporama-400x267.jpg","contentUrl":"https:\/\/www.tourisme-tarn.com\/wp-content\/uploads\/wpetourisme\/40017198-diaporama-400x267.jpg"},{"@type":"BreadcrumbList","@id":"https:\/\/www.pepiniere-boisdelalau.fr\/index.php\/calendrier\/journees-aux-fleurs-castres-5\/#breadcrumb","itemListElement":[{"@type":"ListItem","position":1,"name":"Accueil","item":"https:\/\/www.pepiniere-boisdelalau.fr\/"},{"@type":"ListItem","position":2,"name":"Évènements","item":"https:\/\/www.pepiniere-boisdelalau.fr\/index.php\/calendrier\/"},{"@type":"ListItem","position":3,"name":"Journées aux fleurs &#8211; Castres"}]},{"@type":"WebSite","@id":"https:\/\/www.pepiniere-boisdelalau.fr\/#website","url":"https:\/\/www.pepiniere-boisdelalau.fr\/","name":"Pépinière le bois de Lalau","description":"Pépinièriste paysan-producteur","publisher":{"@id":"https:\/\/www.pepiniere-boisdelalau.fr\/#organization"},"potentialAction":[{"@type":"SearchAction","target":{"@type":"EntryPoint","urlTemplate":"https:\/\/www.pepiniere-boisdelalau.fr\/?s={search_term_string}"},"query-input":{"@type":"PropertyValueSpecification","valueRequired":true,"valueName":"search_term_string"}}],"inLanguage":"fr-FR"},{"@type":"Organization","@id":"https:\/\/www.pepiniere-boisdelalau.fr\/#organization","name":"Pépinière le bois de Lalau","url":"https:\/\/www.pepiniere-boisdelalau.fr\/","logo":{"@type":"ImageObject","inLanguage":"fr-FR","@id":"https:\/\/www.pepiniere-boisdelalau.fr\/#\/schema\/logo\/image\/","url":"","contentUrl":"","caption":"Pépinière le bois de Lalau"},"image":{"@id":"https:\/\/www.pepiniere-boisdelalau.fr\/#\/schema\/logo\/image\/"},"sameAs":["https:\/\/www.facebook.com\/pepiniereboisdelalau"]}]}</script>
<!-- / Yoast SEO plugin. -->

Journées aux fleurs - Castres - Pépinière du bois de Lalau

Évènements

Pépinière le bois de Lalau

Pépinièriste paysan-producteur
